{"id":1259,"date":"2023-07-22T00:23:41","date_gmt":"2023-07-21T17:23:41","guid":{"rendered":"http:\/\/phukienvungtau68.com\/?post_type=product&#038;p=1259"},"modified":"2024-04-04T21:04:48","modified_gmt":"2024-04-04T14:04:48","slug":"tai-nghe-bluetooth-airpods-pro-2-ho-van-chip-louda-1562ae","status":"publish","type":"product","link":"https:\/\/phukienvungtau68.com\/index.php\/product\/tai-nghe-bluetooth-airpods-pro-2-ho-van-chip-louda-1562ae\/","title":{"rendered":"Tai nghe bluetooth airpods pro 2 1562AE h\u1ed5 v\u1eb1n chip&hellip;"},"content":{"rendered":"<div class=\"\" data-block=\"true\" data-editor=\"800u4\" data-offset-key=\"es2al-0-0\">\n<div class=\"_1mf _1mj\" data-offset-key=\"es2al-0-0\">Tai nghe bluetooth airpods pro 2 h\u1ed5 v\u1eb1n chip louda 1562AE phi\u00ean b\u1ea3n m\u1edbi nh\u1ea5t 2024 si\u00eau ch\u1ed1ng \u1ed3n, \u00e2m thanh v\u00f2m<\/div>\n<div data-offset-key=\"es2al-0-0\">Shop t\u1eb7ng k\u00e8m \u1ed1p + d\u00e2y s\u1ea1c<\/div>\n<\/div>\n<div class=\"\" data-block=\"true\" data-editor=\"800u4\" data-offset-key=\"5m2nm-0-0\">\n<div class=\"_1mf _1mj\" data-offset-key=\"5m2nm-0-0\"><span data-offset-key=\"5m2nm-0-0\">\u00a0<\/span><\/div>\n<\/div>\n<div class=\"\" data-block=\"true\" data-editor=\"800u4\" data-offset-key=\"6gddg-0-0\">\n<div class=\"_1mf _1mj\" data-offset-key=\"6gddg-0-0\"><span data-offset-key=\"6gddg-0-0\"><img class=\"emoji\" role=\"img\" src=\"https:\/\/s.w.org\/images\/core\/emoji\/13.1.0\/svg\/2705.svg\" alt=\"\u2705\" \/>\u00a0Th\u00f4ng tin s\u1ea3n ph\u1ea9m<\/span><\/div>\n<div data-offset-key=\"6gddg-0-0\">\u0110\u00e2y s\u1ebd l\u00e0 phi\u00ean b\u1ea3n ho\u00e0n thi\u1ec7n nh\u1ea5t tr\u00ean d\u00f2ng pro2 c\u1ee7a nh\u00e0 h\u1ed3 v\u1eb1n tr\u00ean n\u1ec1n t\u1ea3ng pro1 v\u1edbi c\u00e1c \u0111i\u1ec3m n\u1ed5i b\u1eadt<br \/>\n<span data-offset-key=\"bb84l-0-0\"><img class=\"emoji\" role=\"img\" src=\"https:\/\/s.w.org\/images\/core\/emoji\/13.1.0\/svg\/1f539.svg\" alt=\"\ud83d\udd39\" \/> Xuy\u00ean \u00e2m, <\/span>ch\u1ed1ng \u1ed3n 45Db<\/div>\n<div data-offset-key=\"6gddg-0-0\">\n<div class=\"\" data-block=\"true\" data-editor=\"800u4\" data-offset-key=\"3m35l-0-0\">\n<div class=\"_1mf _1mj\" data-offset-key=\"3m35l-0-0\"><span data-offset-key=\"3m35l-0-0\"><img class=\"emoji\" role=\"img\" src=\"https:\/\/s.w.org\/images\/core\/emoji\/13.1.0\/svg\/1f539.svg\" alt=\"\ud83d\udd39\" \/> Th\u1eddi gian nghe nh\u1ea1c: 7 \u2013 8 ti\u1ebfng<\/span><\/div>\n<\/div>\n<div class=\"\" data-block=\"true\" data-editor=\"800u4\" data-offset-key=\"7vah3-0-0\">\n<div class=\"_1mf _1mj\" data-offset-key=\"7vah3-0-0\"><span data-offset-key=\"7vah3-0-0\"><img class=\"emoji\" role=\"img\" src=\"https:\/\/s.w.org\/images\/core\/emoji\/13.1.0\/svg\/1f539.svg\" alt=\"\ud83d\udd39\" \/> \u00c2m thanh nghe hay, Bass c\u0103ng \u0111\u00e9t.<\/span><\/div>\n<\/div>\n<p><span data-offset-key=\"bb84l-0-0\"><img class=\"emoji\" role=\"img\" src=\"https:\/\/s.w.org\/images\/core\/emoji\/13.1.0\/svg\/1f539.svg\" alt=\"\ud83d\udd39\" \/> <\/span>\u00e2m thanh v\u00f2m trong su\u1ed1t<br \/>\n<span data-offset-key=\"bb84l-0-0\"><img class=\"emoji\" role=\"img\" src=\"https:\/\/s.w.org\/images\/core\/emoji\/13.1.0\/svg\/1f539.svg\" alt=\"\ud83d\udd39\" \/> <\/span>chuy\u1ec3n \u0111\u1ed5i li\u1ec1n m\u1ea1ch 2 thi\u1ebft b\u1ecb<br \/>\n<span data-offset-key=\"bb84l-0-0\"><img class=\"emoji\" role=\"img\" src=\"https:\/\/s.w.org\/images\/core\/emoji\/13.1.0\/svg\/1f539.svg\" alt=\"\ud83d\udd39\" \/> <\/span>cu\u1ed9c g\u1ecdi HD gi\u1ea3m ti\u1ebfng \u1ed3n ENC<br \/>\n<span data-offset-key=\"bb84l-0-0\"><img class=\"emoji\" role=\"img\" src=\"https:\/\/s.w.org\/images\/core\/emoji\/13.1.0\/svg\/1f539.svg\" alt=\"\ud83d\udd39\" \/> <\/span>\u00e2m thanh kh\u00f4ng gian v\u1edbi con quay h\u1ed3i chuy\u1ec3n 6 tr\u1ee5c k\u00e9p<br \/>\n<span data-offset-key=\"bb84l-0-0\"><img class=\"emoji\" role=\"img\" src=\"https:\/\/s.w.org\/images\/core\/emoji\/13.1.0\/svg\/1f539.svg\" alt=\"\ud83d\udd39\" \/> <\/span>chu\u1ea9n k\u1ebft n\u1ed1i ko d\u00e2y Bluetooth low Energy gi\u00fap ti\u1ebft ki\u1ec7m n\u0103ng l\u01b0\u01a1ng.<br \/>\n<span data-offset-key=\"bb84l-0-0\"><img class=\"emoji\" role=\"img\" src=\"https:\/\/s.w.org\/images\/core\/emoji\/13.1.0\/svg\/1f539.svg\" alt=\"\ud83d\udd39\" \/> <\/span>giao th\u1ee9c k\u1ebft n\u1ed1i BLT 5.3 cho ph\u00e9p t\u0103ng ph\u1ea1m vi k\u1ebft n\u1ed1i l\u00ean 120m. T\u0103ng t\u1ed1c \u0111\u1ed9 k\u1ebft n\u1ed1i, t\u0103ng b\u0103ng th\u00f4ng v\u00e0 t\u1ea1o hi\u1ec7u \u1ee9ng \u00e2m thanh n\u1ed5i trong m\u1ed9t kh\u00f4ng gian. C\u0169ng nh\u01b0 chia s\u1ebb \u00e2m thanh<br \/>\n<span data-offset-key=\"bb84l-0-0\"><img class=\"emoji\" role=\"img\" src=\"https:\/\/s.w.org\/images\/core\/emoji\/13.1.0\/svg\/1f539.svg\" alt=\"\ud83d\udd39\" \/> <\/span>c\u1ea3m \u1ee9ng l\u1ef1c b\u00f3p ch\u00e2n + t\u0103ng gi\u1ea3m \u00e2m l\u01b0\u1ee3ng tr\u1ef1c ti\u1ebfp v\u1edbi thao t\u00e1c vu\u1ed1t tr\u00ean th\u00e2n tai<br \/>\n<span data-offset-key=\"bb84l-0-0\"><img class=\"emoji\" role=\"img\" src=\"https:\/\/s.w.org\/images\/core\/emoji\/13.1.0\/svg\/1f539.svg\" alt=\"\ud83d\udd39\" \/> <\/span>\u00e2m thanh k\u1ebft n\u1ed1i. S\u1ea1c. T\u00ecm ki\u1ebfm. Tr\u00ean loa dock<br \/>\n<span data-offset-key=\"bb84l-0-0\"><img class=\"emoji\" role=\"img\" src=\"https:\/\/s.w.org\/images\/core\/emoji\/13.1.0\/svg\/1f539.svg\" alt=\"\ud83d\udd39\" \/> <\/span>n\u00e2ng c\u1ea5p flycc t\u00edch h\u1ee3p \u0111\u1ecbnh v\u1ecb ch\u00ednh x\u00e1c gi\u00fap cho vi\u1ec7c t\u00ecm ki\u1ebfm tai nghe khi th\u1ea5t l\u1ea1c.<br \/>\n<span data-offset-key=\"bb84l-0-0\"><img class=\"emoji\" role=\"img\" src=\"https:\/\/s.w.org\/images\/core\/emoji\/13.1.0\/svg\/1f539.svg\" alt=\"\ud83d\udd39\" \/> <\/span>b\u1ea3n l\u1ec1 v\u1eabn s\u1ebd l\u00e0 b\u1ea3n l\u1ec1 th\u00e9p. Vs 2 phi\u00ean b\u1ea3n ch\u1ed1ng g\u1eadp (c\u1ee9ng vs loxo k\u00e9p ho\u1ea1c r\u01a1i ch\u1eadm v\u1edbi 1 l\u00f2 xo).<br \/>\nN\u00f3i cung n\u00f3 s\u1ebd gi\u1ed1ng vs pro1. Nh\u01b0ng n\u00e2ng c\u1ea5p th\u00eam vu\u1ed1t ch\u00e2n v\u00e0 loa dock<\/p>\n<\/div>\n<\/div>\n<div class=\"\" data-block=\"true\" data-editor=\"800u4\" data-offset-key=\"41h4d-0-0\">\n<div class=\"_1mf _1mj\" data-offset-key=\"41h4d-0-0\"><span data-offset-key=\"41h4d-0-0\"><img class=\"emoji\" role=\"img\" src=\"https:\/\/s.w.org\/images\/core\/emoji\/13.1.0\/svg\/1f539.svg\" alt=\"\ud83d\udd39\" \/>\u00a0Th\u1eddi gian s\u1ea1c \u0111\u1ea7y pin: 2 \u2013 3 ti\u1ebfng.<\/span><\/div>\n<\/div>\n<div class=\"\" data-block=\"true\" data-editor=\"800u4\" data-offset-key=\"2t25v-0-0\">\n<div class=\"_1mf _1mj\" data-offset-key=\"2t25v-0-0\"><span data-offset-key=\"2t25v-0-0\"><img class=\"emoji\" role=\"img\" src=\"https:\/\/s.w.org\/images\/core\/emoji\/13.1.0\/svg\/1f539.svg\" alt=\"\ud83d\udd39\" \/> H\u1ed9p s\u1ea1c t\u1ef1 s\u1ea1c l\u1ea1i cho tai nghe \u0111\u01b0\u1ee3c 2 \u2013 3 l\u1ea7n kh\u00f4ng c\u1ea7n c\u1eafm s\u1ea1c (t\u1ed5ng th\u1eddi gian nghe l\u00ean \u0111\u1ebfn h\u01a1n 20 ti\u1ebfng)<\/span><\/div>\n<div data-offset-key=\"2t25v-0-0\"><span data-offset-key=\"2t25v-0-0\"><img class=\"emoji\" role=\"img\" src=\"https:\/\/s.w.org\/images\/core\/emoji\/13.1.0\/svg\/1f539.svg\" alt=\"\ud83d\udd39\" \/>\u00a0<\/span>app qu\u1ea3n l\u00fd tinh ch\u1ec9nh ri\u00eang cho c\u00e1c m\u00e3 h\u1ed5 flyCc<\/div>\n<div data-offset-key=\"2t25v-0-0\"><\/div>\n<\/div>\n<div class=\"_1mf _1mj\" data-offset-key=\"3o07a-0-0\">\n<div data-offset-key=\"2t25v-0-0\"><img class=\"emoji\" role=\"img\" src=\"https:\/\/s.w.org\/images\/core\/emoji\/13.1.0\/svg\/1f4a5.svg\" alt=\"\ud83d\udca5\" \/>\u00a0Cam k\u1ebft c\u1ee7a shop<\/div>\n<div class=\"o6r2urh6 buofh1pr datstx6m l9j0dhe7 k4urcfbm\" role=\"presentation\">\n<div class=\"k4urcfbm l9j0dhe7\">\n<div class=\"tojvnm2t a6sixzi8 k5wvi7nf q3lfd5jv pk4s997a bipmatt0 cebpdrjk qowsmv63 owwhemhu dp1hu0rb dhp61c6y l9j0dhe7 iyyx5f41 a8s20v7p\">\n<div class=\"rq0escxv buofh1pr df2bnetk ftjopcgk dati1w0a l9j0dhe7 k4urcfbm du4w35lb\">\n<div class=\"taijpn5t j83agx80\">\n<div class=\"gcieejh5 bn081pho humdl8nn izx4hr6d rq0escxv oo9gr5id t5a262vz jq4qci2q b1v8xokw datstx6m a3bd9o3v lzcic4wl ecm0bbzt rz4wbd8a sj5x9vvc a8nywdso k4urcfbm o8yuz56k\">\n<div class=\"rq0escxv datstx6m k4urcfbm a8c37x1j\">\n<div class=\"_5rp7\">\n<div class=\"_5rpb\">\n<div class=\"notranslate _5rpu\" role=\"textbox\" aria-label=\"Msb V\u0169ng T\u00e0u \u01a1i, b\u1ea1n \u0111ang ngh\u0129 g\u00ec th\u1ebf?\">\n<div data-offset-key=\"2t25v-0-0\">\n<div dir=\"auto\">\u00a0\u00a0<span class=\"x3nfvp2 x1j61x8r x1fcty0u xdj266r xhhsvwb xat24cr xgzva0m xxymvpz xlup9mm x1kky2od\"><img loading=\"lazy\" src=\"https:\/\/static.xx.fbcdn.net\/images\/emoji.php\/v9\/t33\/1\/16\/2705.png\" alt=\"\u2705\" width=\"16\" height=\"16\" \/>\u00a0<\/span>H\u00e0ng th\u1eadt nh\u01b0 h\u00ecnh, bao check chip louda c\u00e1c ki\u1ec3u, kh\u00f4ng \u0111\u00fang h\u1ed5 louda shop ho\u00e0n ti\u1ec1n v\u00e0 t\u1eb7ng lu\u00f4n tai nghe.<\/div>\n<div dir=\"auto\">\n<div dir=\"auto\"><span class=\"x3nfvp2 x1j61x8r x1fcty0u xdj266r xhhsvwb xat24cr xgzva0m xxymvpz xlup9mm x1kky2od\">\u00a0\u00a0<img loading=\"lazy\" src=\"https:\/\/static.xx.fbcdn.net\/images\/emoji.php\/v9\/t33\/1\/16\/2705.png\" alt=\"\u2705\" width=\"16\" height=\"16\" \/><\/span>\u00a0Giao h\u00e0ng nhanh to\u00e0n qu\u1ed1c<\/div>\n<div dir=\"auto\">\n<div dir=\"auto\"><span class=\"x3nfvp2 x1j61x8r x1fcty0u xdj266r xhhsvwb xat24cr xgzva0m xxymvpz xlup9mm x1kky2od\">\u00a0\u00a0<img loading=\"lazy\" src=\"https:\/\/static.xx.fbcdn.net\/images\/emoji.php\/v9\/t33\/1\/16\/2705.png\" alt=\"\u2705\" width=\"16\" height=\"16\" \/><\/span>\u00a0Mi\u1ec5n ship \u0111\u01a1n h\u00e0ng d\u01b0\u1edbi \u0300\u0300\u0300\u03005Km ho\u1eb7c \u0111\u01a1n tr\u00ean 500k<\/div>\n<div dir=\"auto\"><span class=\"x3nfvp2 x1j61x8r x1fcty0u xdj266r xhhsvwb xat24cr xgzva0m xxymvpz xlup9mm x1kky2od\">\u00a0\u00a0<img loading=\"lazy\" src=\"https:\/\/static.xx.fbcdn.net\/images\/emoji.php\/v9\/t33\/1\/16\/2705.png\" alt=\"\u2705\" width=\"16\" height=\"16\" \/><\/span>\u00a0\u0110\u01b0\u1ee3c ki\u1ec3m tra h\u00e0ng \u2013 d\u00f9ng th\u1eed tr\u01b0\u1edbc khi thanh to\u00e1n<\/div>\n<div dir=\"auto\"><span class=\"x3nfvp2 x1j61x8r x1fcty0u xdj266r xhhsvwb xat24cr xgzva0m xxymvpz xlup9mm x1kky2od\">\u00a0\u00a0<img loading=\"lazy\" src=\"https:\/\/static.xx.fbcdn.net\/images\/emoji.php\/v9\/t33\/1\/16\/2705.png\" alt=\"\u2705\" width=\"16\" height=\"16\" \/><\/span>\u00a0H\u1ed7 tr\u1ee3 k\u1ef9 thu\u1eadt \u2013 t\u01b0 v\u1ea5n tr\u1ecdn \u0111\u1eddi cho qu\u00fd kh\u00e1ch<\/div>\n<div dir=\"auto\"><span class=\"x3nfvp2 x1j61x8r x1fcty0u xdj266r xhhsvwb xat24cr xgzva0m xxymvpz xlup9mm x1kky2od\">\u00a0\u00a0<img loading=\"lazy\" src=\"https:\/\/static.xx.fbcdn.net\/images\/emoji.php\/v9\/t33\/1\/16\/2705.png\" alt=\"\u2705\" width=\"16\" height=\"16\" \/><\/span>\u00a0Cam k\u1ebft \u0111\u1ed5i tr\u1ea3 \u2013 ho\u00e0n ti\u1ec1n n\u1ebfu kh\u00f4ng \u0111\u00fang nh\u01b0 m\u00f4 t\u1ea3<\/div>\n<div dir=\"auto\"><\/div>\n<\/div>\n<\/div>\n<\/div>\n<div data-contents=\"true\">\n<div class=\"\" data-block=\"true\" data-editor=\"800u4\" data-offset-key=\"2t25v-0-0\">\n<div data-offset-key=\"2t25v-0-0\"><img class=\"emoji\" role=\"img\" src=\"https:\/\/s.w.org\/images\/core\/emoji\/13.1.0\/svg\/1f4a5.svg\" alt=\"\ud83d\udca5\" \/>\u00a0Th\u00f4ng tin b\u1ea3o h\u00e0nh<br \/>\n<img class=\"emoji\" role=\"img\" src=\"https:\/\/s.w.org\/images\/core\/emoji\/13.1.0\/svg\/2714.svg\" alt=\"\u2714\" \/> Th\u1eddi gian b\u1ea3o h\u00e0nh: 2 Th\u00e1ng l\u1ed7i 1 \u0111\u1ed5i 1<\/div>\n<div data-offset-key=\"2t25v-0-0\">\u00a0<img class=\"emoji\" role=\"img\" src=\"https:\/\/s.w.org\/images\/core\/emoji\/13.1.0\/svg\/2714.svg\" alt=\"\u2714\" \/>\u00a0H\u1ebft th\u1eddi gian b\u1ea3o h\u00e0nh shop nh\u1eadn s\u1eeda ch\u1eefa v\u00e0 thay pin<\/div>\n<div data-offset-key=\"2t25v-0-0\"><\/div>\n<\/div>\n<div class=\"\" data-block=\"true\" data-editor=\"800u4\" data-offset-key=\"5i124-0-0\">\n<div class=\"_1mf _1mj\" data-offset-key=\"5i124-0-0\">\n<div dir=\"auto\"><span class=\"x3nfvp2 x1j61x8r x1fcty0u xdj266r xhhsvwb xat24cr xgzva0m xxymvpz xlup9mm x1kky2od\"><img loading=\"lazy\" src=\"https:\/\/static.xx.fbcdn.net\/images\/emoji.php\/v9\/tbe\/1\/16\/1f3c6.png\" alt=\"\ud83c\udfc6\" width=\"16\" height=\"16\" \/><\/span>\u00a0G\u1ea5u shop \u2013 Chuy\u00ean ph\u1ee5 ki\u1ec7n \u0111i\u1ec7n tho\u1ea1i, \u0111\u1ed3 c\u00f4ng ngh\u1ec7<\/div>\n<div dir=\"auto\"><span class=\"x3nfvp2 x1j61x8r x1fcty0u xdj266r xhhsvwb xat24cr xgzva0m xxymvpz xlup9mm x1kky2od\"><img loading=\"lazy\" src=\"https:\/\/static.xx.fbcdn.net\/images\/emoji.php\/v9\/t22\/1\/16\/260e.png\" alt=\"\u260e\ufe0f\" width=\"16\" height=\"16\" \/><\/span>\u00a0S\u0110T: 0797 180 750 \u2013 033 95 333 75 (Zalo)<\/div>\n<div dir=\"auto\"><span class=\"x3nfvp2 x1j61x8r x1fcty0u xdj266r xhhsvwb xat24cr xgzva0m xxymvpz xlup9mm x1kky2od\"><img loading=\"lazy\" src=\"https:\/\/static.xx.fbcdn.net\/images\/emoji.php\/v9\/tf6\/1\/16\/1f3e0.png\" alt=\"\ud83c\udfe0\" width=\"16\" height=\"16\" \/><\/span>\u00a0\u0110c: 213\/3\/1B L\u00ea H\u1ed3ng Phong \u2013 Ph\u01b0\u1eddng 8 \u2013 V\u0169ng T\u00e0u \u2013 BRVT.<\/div>\n<div dir=\"auto\"><span class=\"x3nfvp2 x1j61x8r x1fcty0u xdj266r xhhsvwb xat24cr xgzva0m xxymvpz xlup9mm x1kky2od\"><img loading=\"lazy\" src=\"https:\/\/static.xx.fbcdn.net\/images\/emoji.php\/v9\/tc0\/1\/16\/1f30e.png\" alt=\"\ud83c\udf0e\" width=\"16\" height=\"16\" \/><\/span>\u00a0Website:\u00a0<a class=\"x1i10hfl xjbqb8w x6umtig x1b1mbwd xaqea5y xav7gou x9f619 x1ypdohk xt0psk2 xe8uvvx xdj266r x11i5rnm xat24cr x1mh8g0r xexx8yu x4uap5 x18d9i69 xkhd6sd x16tdsg8 x1hl2dhg xggy1nq x1a2a7pz xt0b8zv x1fey0fg\" role=\"link\" href=\"http:\/\/phukienvungtau68.com\/?fbclid=IwAR2wRhSr0UIdFE0leNYrt-po4OyNt2dpVM00osxDYkJiOCqcVO8kRPb0EYY\" target=\"_blank\" rel=\"nofollow noopener noreferrer\">Phukienvungtau68.com<\/a><\/div>\n<\/div>\n<\/div>\n<\/div>\n<\/div>\n<\/div>\n<\/div>\n<\/div>\n<\/div>\n<\/div>\n<\/div>\n<\/div>\n<\/div>\n<\/div>\n<\/div>\n","protected":false},"excerpt":{"rendered":"<p>Tai nghe bluetooth airpods pro 2 h\u1ed5 v\u1eb1n chip louda 1562AE phi\u00ean b\u1ea3n m\u1edbi nh\u1ea5t 2024 si\u00eau ch\u1ed1ng \u1ed3n, \u00e2m thanh v\u00f2m Shop t\u1eb7ng k\u00e8m \u1ed1p + d\u00e2y s\u1ea1c \u00a0 \u00a0Th\u00f4ng tin s\u1ea3n ph\u1ea9m \u0110\u00e2y s\u1ebd l\u00e0 phi\u00ean b\u1ea3n ho\u00e0n thi\u1ec7n nh\u1ea5t tr\u00ean d\u00f2ng pro2 c\u1ee7a nh\u00e0 h\u1ed3 v\u1eb1n tr\u00ean n\u1ec1n t\u1ea3ng pro1 v\u1edbi c\u00e1c<\/p>\n","protected":false},"featured_media":1386,"template":"","meta":{"om_disable_all_campaigns":false,"_monsterinsights_skip_tracking":false,"_monsterinsights_sitenote_active":false,"_monsterinsights_sitenote_note":"","_monsterinsights_sitenote_category":0},"product_cat":[18],"product_tag":[],"_links":{"self":[{"href":"https:\/\/phukienvungtau68.com\/index.php\/wp-json\/wp\/v2\/product\/1259"}],"collection":[{"href":"https:\/\/phukienvungtau68.com\/index.php\/wp-json\/wp\/v2\/product"}],"about":[{"href":"https:\/\/phukienvungtau68.com\/index.php\/wp-json\/wp\/v2\/types\/product"}],"wp:featuredmedia":[{"embeddable":true,"href":"https:\/\/phukienvungtau68.com\/index.php\/wp-json\/wp\/v2\/media\/1386"}],"wp:attachment":[{"href":"https:\/\/phukienvungtau68.com\/index.php\/wp-json\/wp\/v2\/media?parent=1259"}],"wp:term":[{"taxonomy":"product_cat","embeddable":true,"href":"https:\/\/phukienvungtau68.com\/index.php\/wp-json\/wp\/v2\/product_cat?post=1259"},{"taxonomy":"product_tag","embeddable":true,"href":"https:\/\/phukienvungtau68.com\/index.php\/wp-json\/wp\/v2\/product_tag?post=1259"}],"curies":[{"name":"wp","href":"https:\/\/api.w.org\/{rel}","templated":true}]}}