{"id":315,"date":"2021-09-04T22:25:59","date_gmt":"2021-09-04T15:25:59","guid":{"rendered":"http:\/\/phukienvungtau68.com\/?post_type=product&#038;p=315"},"modified":"2021-09-04T22:25:59","modified_gmt":"2021-09-04T15:25:59","slug":"day-sac-lightning-type-c-2-4a-robot-rt-tl100-1m-kieu-dang-cartoon","status":"publish","type":"product","link":"https:\/\/phukienvungtau68.com\/index.php\/product\/day-sac-lightning-type-c-2-4a-robot-rt-tl100-1m-kieu-dang-cartoon\/","title":{"rendered":"D\u00e2y s\u1ea1c Lightning\/Type-C 2.4A ROBOT RT-TL100 1m Ki\u1ec3u D\u00e1ng Cartoon"},"content":{"rendered":"<p>C\u00e1p S\u1ea1c Lightning\/Type-C 2.4A ROBOT RT-TL100 1m Ki\u1ec3u D\u00e1ng Cartoon T\u01b0\u01a1ng Th\u00edch V\u1edbi iPhone\/Android<\/p>\n<p>\ud83d\udca5 Th\u00f4ng tin s\u1ea3n ph\u1ea9m<br \/>\n\ud83d\udfe2 Giao m\u00e0u ng\u1eabu nhi\u00ean<br \/>\n\ud83d\udfe2 Lo\u1ea1i c\u00e1p: Lightning (iPhone), Type-C (Android)<br \/>\n\ud83d\udfe2 Chi\u1ec1u d\u00e0i: 100cm<br \/>\n\ud83d\udfe2 Ch\u1ea5t li\u1ec7u: nh\u1ef1a PVC<br \/>\n\ud83d\udfe2 C\u01b0\u1eddng \u0111\u1ed9 d\u00f2ng \u0111i\u1ec7n t\u1ed1i \u0111a: 2.4A<br \/>\n\ud83d\udfe2 S\u1ea1c nhanh v\u00e0 truy\u1ec1n d\u1eef li\u1ec7u 2 trong 1<br \/>\n\ud83d\udfe2 Ki\u1ec3u d\u00e1ng g\u1ecdn nh\u1eb9, t\u00f4ng m\u00e0u b\u1eaft m\u1eaft<br \/>\n\ud83d\udfe2 C\u1ed5ng s\u1ea1c t\u01b0\u01a1ng th\u00edch v\u1edbi c\u00e1c thi\u1ebft b\u1ecb iOs\/Android<br \/>\n\ud83d\udfe2 S\u1ea1c nhanh v\u00e0 \u1ed5n \u0111\u1ecbnh v\u1edbi l\u1ed7i d\u00e2y \u0111\u1ed3ng cao c\u1ea5p ch\u1ed1ng oxy h\u00f3a, ch\u1ea5t li\u1ec7u b\u1ec1n b\u1ec9. C\u00e1p s\u1ea1c bao g\u1ed3m: l\u00f5i d\u00e2y \u0111\u1ed3ng, l\u1edbp c\u00e1ch \u0111i\u1ec7n v\u00e0 l\u1edbp ch\u1ed1ng nhi\u1ec5u<br \/>\n\ud83d\udfe2 \u0110\u1ea7u ti\u1ebfp x\u00fac v\u00e0 th\u00e2n c\u00e1p \u0111\u01b0\u1ee3c gia c\u1ed1 ch\u1eafc ch\u1eafn, ch\u1ecbu b\u1ebb g\u1eadp t\u1ed1t, ch\u1ed1ng \u0111\u1ee9t g\u00e3y. D\u00e2y c\u00e1p ch\u1ea5t li\u1ec7u nh\u1ef1a PVC ch\u1ed1ng r\u1ed1i, \u0111\u00e0n h\u1ed3i t\u1ed1t<br \/>\n\ud83d\udfe2 Ch\u00e2n s\u1ea1c m\u1ea1 kim lo\u1ea1i ch\u1ed1ng oxy h\u00f3a, b\u1ec1n b\u1ec9.<\/p>\n<p><img class=\"emoji\" role=\"img\" src=\"https:\/\/s.w.org\/images\/core\/emoji\/13.1.0\/svg\/1f4a5.svg\" alt=\"\ud83d\udca5\" \/>\u00a0Cam k\u1ebft v\u1ec1 ch\u1ea5t l\u01b0\u1ee3ng v\u00e0 d\u1ecbch v\u1ee5 b\u00e1n h\u00e0ng<br \/>\n1. H\u00e0ng th\u1eadt nh\u01b0 h\u00ecnh<br \/>\n2. \u0110\u1ea7y \u0111\u1ee7 tem, th\u1ebb b\u1ea3o h\u00e0nh<br \/>\n3. S\u1ea3n ph\u1ea9m \u0111\u01b0\u1ee3c test k\u1ef9 tr\u01b0\u1edbc khi giao h\u00e0ng N\u00ean qu\u00fd kh\u00e1ch h\u00e0ng c\u00f3 th\u1ec3 y\u00ean t\u00e2m.<br \/>\n4. Shop cam k\u1ebft ch\u0103m s\u00f3c kh\u00e1ch h\u00e0ng t\u1ed1t nh\u1ea5t, h\u1eadu m\u00e3i t\u1ed1t sau mua h\u00e0ng.<br \/>\n5. Cam k\u1ebft b\u1ea3o h\u00e0nh v\u00e0 \u0111\u1ed5i m\u1edbi 1 \u0111\u1ed5i 1 n\u1ebfu c\u00f3 l\u1ed7i trong th\u1eddi gian b\u1ea3o h\u00e0nh.<br \/>\n6. \u0110\u01b0\u1ee3c Ki\u1ec3m tra h\u00e0ng k\u1ef9 khi nh\u1eadn \u0111\u00fang h\u00e0ng m\u1edbi thanh to\u00e1n.<\/p>\n<p><img class=\"emoji\" role=\"img\" src=\"https:\/\/s.w.org\/images\/core\/emoji\/13.1.0\/svg\/1f4a5.svg\" alt=\"\ud83d\udca5\" \/>\u00a0Th\u00f4ng tin b\u1ea3o h\u00e0nh<br \/>\n<img class=\"emoji\" role=\"img\" src=\"https:\/\/s.w.org\/images\/core\/emoji\/13.1.0\/svg\/2714.svg\" alt=\"\u2714\" \/> Th\u1eddi gian b\u1ea3o h\u00e0nh: 6 th\u00e1ng<br \/>\n<img class=\"emoji\" role=\"img\" src=\"https:\/\/s.w.org\/images\/core\/emoji\/13.1.0\/svg\/2714.svg\" alt=\"\u2714\" \/>\u00a0H\u00ecnh th\u1ee9c b\u1ea3o h\u00e0nh: 1 \u0111\u1ed5i 1<\/p>\n<div dir=\"auto\"><img class=\"emoji\" role=\"img\" src=\"https:\/\/s.w.org\/images\/core\/emoji\/13.1.0\/svg\/1f4a5.svg\" alt=\"\ud83d\udca5\" \/>\u00a0G\u1ea5u shop \u2013 chuy\u00ean ph\u1ee5 ki\u1ec7n \u0111i\u1ec7n tho\u1ea1i, \u0111\u1ed3 c\u00f4ng ngh\u1ec7 h\u00e0ng ch\u00ednh h\u00e3ng.<\/div>\n<div dir=\"auto\">--> Hotline: 0797 180 750 (zalo) \u2013 033 95 333 75<\/div>\n<div dir=\"auto\">\u0110C: 213\/3\/1B L\u00ea H\u1ed3ng Phong, Ph\u01b0\u1eddng 8, Tp. V\u0169ng T\u00e0u, BRVT<\/div>\n","protected":false},"excerpt":{"rendered":"<p>C\u00e1p S\u1ea1c Lightning\/Type-C 2.4A ROBOT RT-TL100 1m Ki\u1ec3u D\u00e1ng Cartoon T\u01b0\u01a1ng Th\u00edch V\u1edbi iPhone\/Android \ud83d\udca5 Th\u00f4ng tin s\u1ea3n ph\u1ea9m \ud83d\udfe2 Giao m\u00e0u ng\u1eabu nhi\u00ean \ud83d\udfe2 Lo\u1ea1i c\u00e1p: Lightning (iPhone), Type-C (Android) \ud83d\udfe2 Chi\u1ec1u d\u00e0i: 100cm \ud83d\udfe2 Ch\u1ea5t li\u1ec7u: nh\u1ef1a PVC \ud83d\udfe2 C\u01b0\u1eddng \u0111\u1ed9 d\u00f2ng \u0111i\u1ec7n t\u1ed1i \u0111a: 2.4A \ud83d\udfe2 S\u1ea1c nhanh v\u00e0 truy\u1ec1n d\u1eef li\u1ec7u<\/p>\n","protected":false},"featured_media":321,"template":"","meta":{"om_disable_all_campaigns":false,"_monsterinsights_skip_tracking":false,"_monsterinsights_sitenote_active":false,"_monsterinsights_sitenote_note":"","_monsterinsights_sitenote_category":0},"product_cat":[31],"product_tag":[],"_links":{"self":[{"href":"https:\/\/phukienvungtau68.com\/index.php\/wp-json\/wp\/v2\/product\/315"}],"collection":[{"href":"https:\/\/phukienvungtau68.com\/index.php\/wp-json\/wp\/v2\/product"}],"about":[{"href":"https:\/\/phukienvungtau68.com\/index.php\/wp-json\/wp\/v2\/types\/product"}],"wp:featuredmedia":[{"embeddable":true,"href":"https:\/\/phukienvungtau68.com\/index.php\/wp-json\/wp\/v2\/media\/321"}],"wp:attachment":[{"href":"https:\/\/phukienvungtau68.com\/index.php\/wp-json\/wp\/v2\/media?parent=315"}],"wp:term":[{"taxonomy":"product_cat","embeddable":true,"href":"https:\/\/phukienvungtau68.com\/index.php\/wp-json\/wp\/v2\/product_cat?post=315"},{"taxonomy":"product_tag","embeddable":true,"href":"https:\/\/phukienvungtau68.com\/index.php\/wp-json\/wp\/v2\/product_tag?post=315"}],"curies":[{"name":"wp","href":"https:\/\/api.w.org\/{rel}","templated":true}]}}