{"id":331,"date":"2021-09-04T22:39:35","date_gmt":"2021-09-04T15:39:35","guid":{"rendered":"http:\/\/phukienvungtau68.com\/?post_type=product&#038;p=331"},"modified":"2021-09-04T22:39:35","modified_gmt":"2021-09-04T15:39:35","slug":"day-cap-sac-nhanh-acome-akm-akc-020-dai-2m-type-c-micro-cap-du-ben-chac-dung-cho-android","status":"publish","type":"product","link":"https:\/\/phukienvungtau68.com\/index.php\/product\/day-cap-sac-nhanh-acome-akm-akc-020-dai-2m-type-c-micro-cap-du-ben-chac-dung-cho-android\/","title":{"rendered":"D\u00e2y c\u00e1p s\u1ea1c nhanh Acome AKM\/AKC-020 D\u00e0i 2M Type-C\/ Micro&hellip;"},"content":{"rendered":"<p>D\u00e2y c\u00e1p s\u1ea1c nhanh AKM\/AKC-020 D\u00e0i 2M Type-C\/ Micro ACOME C\u00e1p D\u00f9 B\u1ec1n Ch\u1eafc<\/p>\n<p>\ud83d\udca5 Th\u00f4ng tin s\u1ea3n ph\u1ea9m<br \/>\n&#8211; Type-C AKC020 t\u01b0\u01a1ng th\u00edch v\u1edbi thi\u1ebft b\u1ecb c\u00f3 c\u1ed5ng Type C (Samsung, Xiaomi, Huawei, OPPO&#8230;)<br \/>\n&#8211; Micro AKM020 t\u01b0\u01a1ng th\u00edch v\u1edbi thi\u1ebft b\u1ecb c\u00f3 c\u1ed5ng Micro (OPPO, Vivo, Xiaomi&#8230;)<br \/>\n\u2714 C\u00e1p s\u1ea1c \u0111\u1ea7u Type-C\/Micro<br \/>\n\u2714 T\u01b0\u01a1ng th\u00edch v\u1edbi thi\u1ebft b\u1ecb Android<br \/>\n\u2714 C\u00e1p d\u00e0i 2 m\u00e9t<br \/>\n\u2714 S\u1ea1c ra Micro 2.4A, Type-C 3.0A<\/p>\n<p>\u2705 D\u00e2y c\u00e1p \u0111\u01b0\u1ee3c l\u00e0m t\u1eeb ch\u1ea5t li\u1ec7u ch\u1ecbu l\u1ef1c t\u1ed1t, \u0111\u1ed9 b\u1ec1n cao, c\u00f3 th\u1ec3 u\u1ed1n cong b\u1ebb g\u1eadp \u0111\u1ebfn 10000 l\u1ea7n<br \/>\n\u2705 T\u01b0\u01a1ng th\u00edch v\u1edbi thi\u1ebft b\u1ecb Android<br \/>\n\u2705 M\u00e0u s\u1eafc th\u1eddi th\u01b0\u1ee3ng v\u1edbi s\u1ef1 pha tr\u1ed9n t\u1eeb hai s\u1ee3i m\u00e0u mang \u0111\u1ebfn phong c\u00e1ch hi\u1ec7n \u0111\u1ea1i<br \/>\n\u2705 S\u1ea1c nhanh kh\u00f4ng n\u00f3ng m\u00e1y<br \/>\n\u2705 C\u00f4ng ngh\u1ec7 SR t\u0103ng c\u01b0\u1eddng \u0111\u1ed9 b\u1ec1n cho c\u00e1p s\u1ea1c, v\u1ecf ngo\u00e0i s\u1eed d\u1ee5ng ch\u1ea5t li\u1ec7u h\u1ee3p kim 3D c\u1ee9ng c\u00e1p, tu\u1ed5i th\u1ecd s\u1eed d\u1ee5ng l\u00e2u b\u1ec1n kh\u00f4ng \u0111\u1ee9t\/g\u00e3y.<br \/>\n\u2705 V\u00f2ng qu\u1ea5n d\u00e2y \u0111i k\u00e8m ti\u1ec7n l\u1ee3i d\u1ec5 d\u00e0ng c\u1ea5t gi\u1eef hay mang theo<br \/>\n\u2705 S\u1ea1c v\u00e0 truy\u1ec1n d\u1eef li\u1ec7u \u0111\u1ed3ng th\u1eddi gi\u00fap ti\u1ebft ki\u1ec7m th\u1eddi gian<\/p>\n<p><img class=\"emoji\" role=\"img\" src=\"https:\/\/s.w.org\/images\/core\/emoji\/13.1.0\/svg\/1f4a5.svg\" alt=\"\ud83d\udca5\" \/>\u00a0Cam k\u1ebft v\u1ec1 ch\u1ea5t l\u01b0\u1ee3ng v\u00e0 d\u1ecbch v\u1ee5 b\u00e1n h\u00e0ng<br \/>\n1. H\u00e0ng th\u1eadt nh\u01b0 h\u00ecnh<br \/>\n2. \u0110\u1ea7y \u0111\u1ee7 tem, th\u1ebb b\u1ea3o h\u00e0nh<br \/>\n3. S\u1ea3n ph\u1ea9m \u0111\u01b0\u1ee3c test k\u1ef9 tr\u01b0\u1edbc khi giao h\u00e0ng N\u00ean qu\u00fd kh\u00e1ch h\u00e0ng c\u00f3 th\u1ec3 y\u00ean t\u00e2m.<br \/>\n4. Shop cam k\u1ebft ch\u0103m s\u00f3c kh\u00e1ch h\u00e0ng t\u1ed1t nh\u1ea5t, h\u1eadu m\u00e3i t\u1ed1t sau mua h\u00e0ng.<br \/>\n5. Cam k\u1ebft b\u1ea3o h\u00e0nh v\u00e0 \u0111\u1ed5i m\u1edbi 1 \u0111\u1ed5i 1 n\u1ebfu c\u00f3 l\u1ed7i trong th\u1eddi gian b\u1ea3o h\u00e0nh.<br \/>\n6. \u0110\u01b0\u1ee3c Ki\u1ec3m tra h\u00e0ng k\u1ef9 khi nh\u1eadn \u0111\u00fang h\u00e0ng m\u1edbi thanh to\u00e1n.<\/p>\n<p><img class=\"emoji\" role=\"img\" src=\"https:\/\/s.w.org\/images\/core\/emoji\/13.1.0\/svg\/1f4a5.svg\" alt=\"\ud83d\udca5\" \/>\u00a0Th\u00f4ng tin b\u1ea3o h\u00e0nh<br \/>\n<img class=\"emoji\" role=\"img\" src=\"https:\/\/s.w.org\/images\/core\/emoji\/13.1.0\/svg\/2714.svg\" alt=\"\u2714\" \/>\u00a0Th\u1eddi gian b\u1ea3o h\u00e0nh: 12 th\u00e1ng<br \/>\n<img class=\"emoji\" role=\"img\" src=\"https:\/\/s.w.org\/images\/core\/emoji\/13.1.0\/svg\/2714.svg\" alt=\"\u2714\" \/>\u00a0H\u00ecnh th\u1ee9c b\u1ea3o h\u00e0nh: 1 \u0111\u1ed5i 1<\/p>\n<div dir=\"auto\"><img class=\"emoji\" role=\"img\" src=\"https:\/\/s.w.org\/images\/core\/emoji\/13.1.0\/svg\/1f4a5.svg\" alt=\"\ud83d\udca5\" \/>\u00a0G\u1ea5u shop \u2013 chuy\u00ean ph\u1ee5 ki\u1ec7n \u0111i\u1ec7n tho\u1ea1i, \u0111\u1ed3 c\u00f4ng ngh\u1ec7 h\u00e0ng ch\u00ednh h\u00e3ng.<\/div>\n<div dir=\"auto\">--> Hotline: 0797 180 750 (zalo) \u2013 033 95 333 75<\/div>\n<div dir=\"auto\">\u0110C: 213\/3\/1B L\u00ea H\u1ed3ng Phong, Ph\u01b0\u1eddng 8, Tp. V\u0169ng T\u00e0u, BRVT<\/div>\n","protected":false},"excerpt":{"rendered":"<p>D\u00e2y c\u00e1p s\u1ea1c nhanh AKM\/AKC-020 D\u00e0i 2M Type-C\/ Micro ACOME C\u00e1p D\u00f9 B\u1ec1n Ch\u1eafc \ud83d\udca5 Th\u00f4ng tin s\u1ea3n ph\u1ea9m &#8211; Type-C AKC020 t\u01b0\u01a1ng th\u00edch v\u1edbi thi\u1ebft b\u1ecb c\u00f3 c\u1ed5ng Type C (Samsung, Xiaomi, Huawei, OPPO&#8230;) &#8211; Micro AKM020 t\u01b0\u01a1ng th\u00edch v\u1edbi thi\u1ebft b\u1ecb c\u00f3 c\u1ed5ng Micro (OPPO, Vivo, Xiaomi&#8230;) \u2714 C\u00e1p s\u1ea1c \u0111\u1ea7u Type-C\/Micro \u2714<\/p>\n","protected":false},"featured_media":332,"template":"","meta":{"om_disable_all_campaigns":false,"_monsterinsights_skip_tracking":false,"_monsterinsights_sitenote_active":false,"_monsterinsights_sitenote_note":"","_monsterinsights_sitenote_category":0},"product_cat":[31],"product_tag":[],"_links":{"self":[{"href":"https:\/\/phukienvungtau68.com\/index.php\/wp-json\/wp\/v2\/product\/331"}],"collection":[{"href":"https:\/\/phukienvungtau68.com\/index.php\/wp-json\/wp\/v2\/product"}],"about":[{"href":"https:\/\/phukienvungtau68.com\/index.php\/wp-json\/wp\/v2\/types\/product"}],"wp:featuredmedia":[{"embeddable":true,"href":"https:\/\/phukienvungtau68.com\/index.php\/wp-json\/wp\/v2\/media\/332"}],"wp:attachment":[{"href":"https:\/\/phukienvungtau68.com\/index.php\/wp-json\/wp\/v2\/media?parent=331"}],"wp:term":[{"taxonomy":"product_cat","embeddable":true,"href":"https:\/\/phukienvungtau68.com\/index.php\/wp-json\/wp\/v2\/product_cat?post=331"},{"taxonomy":"product_tag","embeddable":true,"href":"https:\/\/phukienvungtau68.com\/index.php\/wp-json\/wp\/v2\/product_tag?post=331"}],"curies":[{"name":"wp","href":"https:\/\/api.w.org\/{rel}","templated":true}]}}