{"id":428,"date":"2021-09-08T01:43:21","date_gmt":"2021-09-07T18:43:21","guid":{"rendered":"http:\/\/phukienvungtau68.com\/?post_type=product&#038;p=428"},"modified":"2021-09-08T01:43:21","modified_gmt":"2021-09-07T18:43:21","slug":"tai-nghe-sieu-bass-hapor-hp-e01-choi-game-nghe-nhac-sieu-chat-chong-on","status":"publish","type":"product","link":"https:\/\/phukienvungtau68.com\/index.php\/product\/tai-nghe-sieu-bass-hapor-hp-e01-choi-game-nghe-nhac-sieu-chat-chong-on\/","title":{"rendered":"Tai nghe Si\u00eau Bass HAPOR HP-E01 Ch\u01a1i Game Nghe Nh\u1ea1c&hellip;"},"content":{"rendered":"<p>Tai nghe Si\u00eau Bass HAPOR HP-E01 Ch\u01a1i Game Nghe Nh\u1ea1c Si\u00eau Ch\u1ea5t ch\u1ed1ng \u1ed3n<br \/>\n\ud83d\udca5 Th\u00f4ng tin s\u1ea3n ph\u1ea9m<br \/>\n&#8211; Jack c\u1eafm: 3.5mm<br \/>\n&#8211; \u0110\u1ed9 d\u00e0i: 1200mm<br \/>\n&#8211; T\u1ea7n s\u1ed1: 20-20KHz.<br \/>\n&#8211; Ch\u1ea5t li\u1ec7u: S\u1ee3i Polyester, kim lo\u1ea1i v\u00e0 silicon cao c\u1ea5p<br \/>\n&#8211; M\u00e0u s\u1eafc: \u0110a m\u00e0u s\u1eafc<br \/>\n&#8211; N\u00fat t\u0103ng gi\u1ea3m \u00e2m l\u01b0\u01a1ng, \u0111\u00e0m tho\u1ea1i \u0111\u01b0\u1ee3c thi\u1ebft k\u1ebf ngay tr\u00ean th\u00e2n tai nghe<br \/>\n&#8211; C\u00f3 m\u00e3 Qr, Th\u1ebb b\u1ea3o h\u00e0nh, tem xu\u1ea5t nh\u1eadp kh\u1ea9u tr\u00ean th\u00e2n v\u00e0 v\u1ecf h\u1ed9p s\u1ea3n ph\u1ea9m s\u1ea3n ph\u1ea9m<\/p>\n<p>\ud83d\udca5 \u01afu \u0111i\u1ec3m c\u1ee7a s\u1ea3n ph\u1ea9m:<br \/>\n&#8211; Thi\u1ebft k\u1ebf phong c\u00e1ch tr\u1ebb trung, n\u0103ng \u0111\u1ed9ng v\u1edbi ph\u1ea7n d\u00e2y d\u00f9 ch\u1ed1ng \u0111\u1ee9t b\u1ec1n ch\u1eafc, ph\u00f9 h\u1ee3p s\u1eed d\u1ee5ng trong th\u1eddi gian d\u00e0i.<br \/>\n&#8211; \u0110\u01b0\u1ee3c ki\u1ec3m nghi\u1ec7m \u0111\u1ee7 ti\u00eau chu\u1ea9n, ch\u1ee9ng ch\u1ec9 EU, CE, FC RoHS<br \/>\n&#8211; \u0110\u1ed9 d\u00e0i 1200mm mang l\u1ea1i s\u1ef1 linh ho\u1ea1t v\u00e0 tho\u1ea3i m\u00e1i \u0111\u1ec3 s\u1eed d\u1ee5ng k\u1ec3 c\u1ea3 khi \u0111ang ho\u1ea1t \u0111\u1ed9ng<br \/>\n&#8211; Eartips nh\u00e9t tai \u0111\u01b0\u1ee3c l\u00e0m b\u1eb1ng silicon v\u1edbi 3 size \u0111\u1ec3 thay \u0111\u1ed5i t\u1ea1o c\u1ea3m gi\u00e1c \u00eam \u00e1i v\u00e0 b\u00e1m s\u00e1t tai, gi\u00fap l\u00e0m t\u0103ng kh\u1ea3<br \/>\nn\u0103ng ch\u1ed1ng \u1ed3n.<br \/>\n&#8211; B\u1ed9 controller \u0111\u01b0\u1ee3c t\u00edch h\u1ee3p c\u00e1c ph\u00edm \u0111i\u1ec1u ch\u1ec9nh v\u00e0 microphone chu\u1ea9n HD nh\u1edd \u0111\u00f3 ng\u01b0\u1eddi d\u00f9ng d\u1ec5 d\u00e0ng thao t\u00e1c v\u00e0 thu tr\u1ef1c ti\u1ebfp gi\u1ecdng n\u00f3i m\u00e0 kh\u00f4ng h\u1ec1 b\u1ecb nhi\u1ec5u, r\u00e8.<br \/>\n&#8211; Jack c\u1eafm 3.5mm m\u1ea1 v\u00e0ng ch\u1ed1ng han r\u1ec9, \u00f4xi h\u00f3a, ph\u00f9 h\u1ee3p v\u1edbi nhi\u1ec1u thi\u1ebft b\u1ecb \u0111i\u1ec7n t\u1eed v\u00e0 cho hi\u1ec7u su\u1ea5t d\u1eabn t\u1ed1t \u0111\u1ec3 \u0111\u1ea3m b\u1ea3o qu\u00e1 tr\u00ecnh truy\u1ec1n t\u1ea3i t\u00edn hi\u1ec7u \u00e2m thanh hi\u1ec7u qu\u1ea3.<\/p>\n<p><img class=\"emoji\" role=\"img\" src=\"https:\/\/s.w.org\/images\/core\/emoji\/13.1.0\/svg\/1f4a5.svg\" alt=\"\ud83d\udca5\" \/>\u00a0Cam k\u1ebft v\u1ec1 ch\u1ea5t l\u01b0\u1ee3ng v\u00e0 d\u1ecbch v\u1ee5 b\u00e1n h\u00e0ng<br \/>\n1. H\u00e0ng th\u1eadt nh\u01b0 h\u00ecnh<br \/>\n2. \u0110\u1ea7y \u0111\u1ee7 tem, th\u1ebb b\u1ea3o h\u00e0nh<br \/>\n3. S\u1ea3n ph\u1ea9m \u0111\u01b0\u1ee3c test k\u1ef9 tr\u01b0\u1edbc khi giao h\u00e0ng N\u00ean qu\u00fd kh\u00e1ch h\u00e0ng c\u00f3 th\u1ec3 y\u00ean t\u00e2m.<br \/>\n4. Shop cam k\u1ebft ch\u0103m s\u00f3c kh\u00e1ch h\u00e0ng t\u1ed1t nh\u1ea5t, h\u1eadu m\u00e3i t\u1ed1t sau mua h\u00e0ng.<br \/>\n5. Cam k\u1ebft b\u1ea3o h\u00e0nh v\u00e0 \u0111\u1ed5i m\u1edbi 1 \u0111\u1ed5i 1 n\u1ebfu c\u00f3 l\u1ed7i trong th\u1eddi gian b\u1ea3o h\u00e0nh.<br \/>\n6. \u0110\u01b0\u1ee3c Ki\u1ec3m tra h\u00e0ng k\u1ef9 khi nh\u1eadn \u0111\u00fang h\u00e0ng m\u1edbi thanh to\u00e1n.<\/p>\n<p><img class=\"emoji\" role=\"img\" src=\"https:\/\/s.w.org\/images\/core\/emoji\/13.1.0\/svg\/1f4a5.svg\" alt=\"\ud83d\udca5\" \/>\u00a0Th\u00f4ng tin b\u1ea3o h\u00e0nh<br \/>\n<img class=\"emoji\" role=\"img\" src=\"https:\/\/s.w.org\/images\/core\/emoji\/13.1.0\/svg\/2714.svg\" alt=\"\u2714\" \/> Th\u1eddi gian b\u1ea3o h\u00e0nh: 12 th\u00e1ng<br \/>\n<img class=\"emoji\" role=\"img\" src=\"https:\/\/s.w.org\/images\/core\/emoji\/13.1.0\/svg\/2714.svg\" alt=\"\u2714\" \/>\u00a0H\u00ecnh th\u1ee9c b\u1ea3o h\u00e0nh: 1 \u0111\u1ed5i 1<\/p>\n<div dir=\"auto\"><img class=\"emoji\" role=\"img\" src=\"https:\/\/s.w.org\/images\/core\/emoji\/13.1.0\/svg\/1f4a5.svg\" alt=\"\ud83d\udca5\" \/>\u00a0G\u1ea5u shop \u2013 chuy\u00ean ph\u1ee5 ki\u1ec7n \u0111i\u1ec7n tho\u1ea1i, \u0111\u1ed3 c\u00f4ng ngh\u1ec7 h\u00e0ng ch\u00ednh h\u00e3ng.<\/div>\n<div dir=\"auto\">--> Hotline: 0797 180 750 (zalo) \u2013 033 95 333 75<\/div>\n<div dir=\"auto\">\u0110C: 213\/3\/1B L\u00ea H\u1ed3ng Phong, Ph\u01b0\u1eddng 8, Tp. V\u0169ng T\u00e0u, BRVT<\/div>\n","protected":false},"excerpt":{"rendered":"<p>Tai nghe Si\u00eau Bass HAPOR HP-E01 Ch\u01a1i Game Nghe Nh\u1ea1c Si\u00eau Ch\u1ea5t ch\u1ed1ng \u1ed3n \ud83d\udca5 Th\u00f4ng tin s\u1ea3n ph\u1ea9m &#8211; Jack c\u1eafm: 3.5mm &#8211; \u0110\u1ed9 d\u00e0i: 1200mm &#8211; T\u1ea7n s\u1ed1: 20-20KHz. &#8211; Ch\u1ea5t li\u1ec7u: S\u1ee3i Polyester, kim lo\u1ea1i v\u00e0 silicon cao c\u1ea5p &#8211; M\u00e0u s\u1eafc: \u0110a m\u00e0u s\u1eafc &#8211; N\u00fat t\u0103ng gi\u1ea3m \u00e2m l\u01b0\u01a1ng, \u0111\u00e0m<\/p>\n","protected":false},"featured_media":434,"template":"","meta":{"om_disable_all_campaigns":false,"_monsterinsights_skip_tracking":false,"_monsterinsights_sitenote_active":false,"_monsterinsights_sitenote_note":"","_monsterinsights_sitenote_category":0},"product_cat":[19],"product_tag":[],"_links":{"self":[{"href":"https:\/\/phukienvungtau68.com\/index.php\/wp-json\/wp\/v2\/product\/428"}],"collection":[{"href":"https:\/\/phukienvungtau68.com\/index.php\/wp-json\/wp\/v2\/product"}],"about":[{"href":"https:\/\/phukienvungtau68.com\/index.php\/wp-json\/wp\/v2\/types\/product"}],"wp:featuredmedia":[{"embeddable":true,"href":"https:\/\/phukienvungtau68.com\/index.php\/wp-json\/wp\/v2\/media\/434"}],"wp:attachment":[{"href":"https:\/\/phukienvungtau68.com\/index.php\/wp-json\/wp\/v2\/media?parent=428"}],"wp:term":[{"taxonomy":"product_cat","embeddable":true,"href":"https:\/\/phukienvungtau68.com\/index.php\/wp-json\/wp\/v2\/product_cat?post=428"},{"taxonomy":"product_tag","embeddable":true,"href":"https:\/\/phukienvungtau68.com\/index.php\/wp-json\/wp\/v2\/product_tag?post=428"}],"curies":[{"name":"wp","href":"https:\/\/api.w.org\/{rel}","templated":true}]}}