{"id":443,"date":"2021-09-08T01:53:39","date_gmt":"2021-09-07T18:53:39","guid":{"rendered":"http:\/\/phukienvungtau68.com\/?post_type=product&#038;p=443"},"modified":"2021-09-08T01:53:39","modified_gmt":"2021-09-07T18:53:39","slug":"tai-nghe-co-day-nhet-tai-acome-aw05-am-thanh-hd-nghe-hay-deo-em-tai-cong-ket-noi-3-5mm","status":"publish","type":"product","link":"https:\/\/phukienvungtau68.com\/index.php\/product\/tai-nghe-co-day-nhet-tai-acome-aw05-am-thanh-hd-nghe-hay-deo-em-tai-cong-ket-noi-3-5mm\/","title":{"rendered":"Tai Nghe c\u00f3 d\u00e2y Nh\u00e9t Tai ACOME AW05 \u00c2m Thanh&hellip;"},"content":{"rendered":"<p>Tai Nghe c\u00f3 d\u00e2y Nh\u00e9t Tai ACOME AW05 \u00c2m Thanh HD nghe hay \u0111eo \u00eam tai C\u1ed5ng K\u1ebft N\u1ed1i 3.5mm d\u00f9ng \u0111\u01b0\u1ee3c cho iphone 5\/6 v\u00e0 android jack tr\u00f2n 3.5<\/p>\n<p><img class=\"emoji\" role=\"img\" src=\"https:\/\/s.w.org\/images\/core\/emoji\/13.1.0\/svg\/1f4a5.svg\" alt=\"\ud83d\udca5\" \/> Th\u00f4ng tin s\u1ea3n ph\u1ea9m<br \/>\n&#8211; Model: AW05<br \/>\n&#8211; \u0110\u1ed9 d\u00e0i tai nghe: 120cm<br \/>\n&#8211; \u0110\u1ed9 nh\u1ea1y -42dB<br \/>\n&#8211; Tai nghe nh\u00e9t tai \u00e2m bass m\u1ea1nh m\u1ebd<br \/>\n&#8211; \u0110i\u1ec1u khi\u1ec3n \u0111a n\u0103ng<br \/>\n&#8211; Ch\u1ea5t li\u1ec7u h\u1ee3p kim nh\u00f4m cao c\u1ea5p<br \/>\n&#8211; M\u00e0ng loa si\u00eau tr\u1ea7m 14.22mm<br \/>\n&#8211; Ch\u1ea5t li\u1ec7u d\u00e2y tai nghe b\u1eb1ng TPE co gi\u00e3n ch\u1ed1ng r\u1ed1i c\u1ef1c t\u1ed1t<br \/>\n&#8211; Ki\u1ec3u tai nghe nghi\u00eang 45 \u0111\u1ed9: \u00f4m s\u00e1t \u1ed1ng tai, kh\u00f4ng g\u00e2y kh\u00f3 ch\u1ecbu<br \/>\n&#8211; N\u00fat b\u1ea5m \u0111a n\u0103ng: \u0111i\u1ec1u ch\u1ec9nh t\u0103ng gi\u1ea3m \u00e2m l\u01b0\u1ee3ng, ph\u00e1t nh\u1ea1c, t\u1ea1m d\u1eebng, nh\u1eadn v\u00e0 t\u1eaft cu\u1ed9c g\u1ecdi<br \/>\n&#8211; T\u01b0\u01a1ng th\u00edch v\u1edbi c\u00e1c thi\u1ebft b\u1ecb c\u00f3 c\u1ed5ng k\u1ebft n\u1ed1i 3.5mm.<\/p>\n<p><img class=\"emoji\" role=\"img\" src=\"https:\/\/s.w.org\/images\/core\/emoji\/13.1.0\/svg\/1f4a5.svg\" alt=\"\ud83d\udca5\" \/>\u00a0Cam k\u1ebft v\u1ec1 ch\u1ea5t l\u01b0\u1ee3ng v\u00e0 d\u1ecbch v\u1ee5 b\u00e1n h\u00e0ng<br \/>\n1. H\u00e0ng th\u1eadt nh\u01b0 h\u00ecnh<br \/>\n2. \u0110\u1ea7y \u0111\u1ee7 tem, th\u1ebb b\u1ea3o h\u00e0nh<br \/>\n3. S\u1ea3n ph\u1ea9m \u0111\u01b0\u1ee3c test k\u1ef9 tr\u01b0\u1edbc khi giao h\u00e0ng N\u00ean qu\u00fd kh\u00e1ch h\u00e0ng c\u00f3 th\u1ec3 y\u00ean t\u00e2m.<br \/>\n4. Shop cam k\u1ebft ch\u0103m s\u00f3c kh\u00e1ch h\u00e0ng t\u1ed1t nh\u1ea5t, h\u1eadu m\u00e3i t\u1ed1t sau mua h\u00e0ng.<br \/>\n5. Cam k\u1ebft b\u1ea3o h\u00e0nh v\u00e0 \u0111\u1ed5i m\u1edbi 1 \u0111\u1ed5i 1 n\u1ebfu c\u00f3 l\u1ed7i trong th\u1eddi gian b\u1ea3o h\u00e0nh.<br \/>\n6. \u0110\u01b0\u1ee3c Ki\u1ec3m tra h\u00e0ng k\u1ef9 khi nh\u1eadn \u0111\u00fang h\u00e0ng m\u1edbi thanh to\u00e1n.<\/p>\n<p><img class=\"emoji\" role=\"img\" src=\"https:\/\/s.w.org\/images\/core\/emoji\/13.1.0\/svg\/1f4a5.svg\" alt=\"\ud83d\udca5\" \/>\u00a0Th\u00f4ng tin b\u1ea3o h\u00e0nh<br \/>\n<img class=\"emoji\" role=\"img\" src=\"https:\/\/s.w.org\/images\/core\/emoji\/13.1.0\/svg\/2714.svg\" alt=\"\u2714\" \/>\u00a0Th\u1eddi gian b\u1ea3o h\u00e0nh: 3 th\u00e1ng<br \/>\n<img class=\"emoji\" role=\"img\" src=\"https:\/\/s.w.org\/images\/core\/emoji\/13.1.0\/svg\/2714.svg\" alt=\"\u2714\" \/>\u00a0H\u00ecnh th\u1ee9c b\u1ea3o h\u00e0nh: 1 \u0111\u1ed5i 1<\/p>\n<div dir=\"auto\"><img class=\"emoji\" role=\"img\" src=\"https:\/\/s.w.org\/images\/core\/emoji\/13.1.0\/svg\/1f4a5.svg\" alt=\"\ud83d\udca5\" \/>\u00a0G\u1ea5u shop \u2013 chuy\u00ean ph\u1ee5 ki\u1ec7n \u0111i\u1ec7n tho\u1ea1i, \u0111\u1ed3 c\u00f4ng ngh\u1ec7 h\u00e0ng ch\u00ednh h\u00e3ng.<\/div>\n<div dir=\"auto\">--> Hotline: 0797 180 750 (zalo) \u2013 033 95 333 75<\/div>\n<div dir=\"auto\">\u0110C: 213\/3\/1B L\u00ea H\u1ed3ng Phong, Ph\u01b0\u1eddng 8, Tp. V\u0169ng T\u00e0u, BRVT<\/div>\n","protected":false},"excerpt":{"rendered":"<p>Tai Nghe c\u00f3 d\u00e2y Nh\u00e9t Tai ACOME AW05 \u00c2m Thanh HD nghe hay \u0111eo \u00eam tai C\u1ed5ng K\u1ebft N\u1ed1i 3.5mm d\u00f9ng \u0111\u01b0\u1ee3c cho iphone 5\/6 v\u00e0 android jack tr\u00f2n 3.5 Th\u00f4ng tin s\u1ea3n ph\u1ea9m &#8211; Model: AW05 &#8211; \u0110\u1ed9 d\u00e0i tai nghe: 120cm &#8211; \u0110\u1ed9 nh\u1ea1y -42dB &#8211; Tai nghe nh\u00e9t tai \u00e2m bass m\u1ea1nh<\/p>\n","protected":false},"featured_media":444,"template":"","meta":{"om_disable_all_campaigns":false,"_monsterinsights_skip_tracking":false,"_monsterinsights_sitenote_active":false,"_monsterinsights_sitenote_note":"","_monsterinsights_sitenote_category":0},"product_cat":[19],"product_tag":[],"_links":{"self":[{"href":"https:\/\/phukienvungtau68.com\/index.php\/wp-json\/wp\/v2\/product\/443"}],"collection":[{"href":"https:\/\/phukienvungtau68.com\/index.php\/wp-json\/wp\/v2\/product"}],"about":[{"href":"https:\/\/phukienvungtau68.com\/index.php\/wp-json\/wp\/v2\/types\/product"}],"wp:featuredmedia":[{"embeddable":true,"href":"https:\/\/phukienvungtau68.com\/index.php\/wp-json\/wp\/v2\/media\/444"}],"wp:attachment":[{"href":"https:\/\/phukienvungtau68.com\/index.php\/wp-json\/wp\/v2\/media?parent=443"}],"wp:term":[{"taxonomy":"product_cat","embeddable":true,"href":"https:\/\/phukienvungtau68.com\/index.php\/wp-json\/wp\/v2\/product_cat?post=443"},{"taxonomy":"product_tag","embeddable":true,"href":"https:\/\/phukienvungtau68.com\/index.php\/wp-json\/wp\/v2\/product_tag?post=443"}],"curies":[{"name":"wp","href":"https:\/\/api.w.org\/{rel}","templated":true}]}}