{"id":619,"date":"2021-10-01T23:39:50","date_gmt":"2021-10-01T16:39:50","guid":{"rendered":"http:\/\/phukienvungtau68.com\/?post_type=product&#038;p=619"},"modified":"2024-05-01T23:10:58","modified_gmt":"2024-05-01T16:10:58","slug":"pin-sac-du-phong-veger-vp-1053-10000mah-hang-chinh-hang","status":"publish","type":"product","link":"https:\/\/phukienvungtau68.com\/index.php\/product\/pin-sac-du-phong-veger-vp-1053-10000mah-hang-chinh-hang\/","title":{"rendered":"Pin S\u1ea1c d\u1ef1 ph\u00f2ng Veger VP-1053 10000mAh h\u00e0ng ch\u00ednh h\u00e3ng"},"content":{"rendered":"<p>S\u1ea1c d\u1ef1 ph\u00f2ng Veger VP-1053 10000mAh h\u00e0ng ch\u00ednh h\u00e3ng &#8211; B\u1ea3o h\u00e0nh 6 th\u00e1ng<\/p>\n<p>\ud83c\udf1f Th\u00f4ng tin s\u1ea3n ph\u1ea9m<br \/>\n&#8211; H\u00e3ng s\u1ea3n xu\u1ea5t: VEGER.<br \/>\n&#8211; Lo\u1ea1i s\u1ea3n ph\u1ea9m: S\u1ea1c d\u1ef1 ph\u00f2ng.<br \/>\n&#8211; M\u00e3 s\u1ea3n ph\u1ea9m: VP-1053<br \/>\n&#8211; Dung l\u01b0\u1ee3ng pin: 10000mAh.<br \/>\n&#8211; \u0110i\u1ec7n \u00e1p v\u00e0o chu\u1ea9n Micro: DC 5V-2A.<br \/>\n&#8211; \u0110i\u1ec7n \u00e1p ra chu\u1ea9n USB: DC 5V-2A..<br \/>\n&#8211; K\u00edch th\u01b0\u1edbc: 135.5 x 67 x 15 mm.<br \/>\n&#8211; Tr\u1ecdng l\u01b0\u1ee3ng: 217g.<br \/>\n\ud83c\udf1f T\u00ednh n\u0103ng:<br \/>\n&#8211; Dung l\u01b0\u1ee3ng l\u1edbn l\u00ean \u0111\u1ebfn 10000mAh, c\u00f3 th\u1ec3 s\u1ea1c cho iPhone 8 3.5 l\u1ea7n, iPhone XS 2.7 l\u1ea7n, Xiaomi Mi 9 2.2 l\u1ea7n.<br \/>\n&#8211; V\u1edbi \u01b0u \u0111i\u1ec3m thi\u1ebft k\u1ebf m\u1ecfng, nh\u1eb9, r\u1ea5t ph\u00f9 h\u1ee3p cho anh\/ch\u1ecb s\u1eed d\u1ee5ng khi \u0111i c\u00f4ng t\u00e1c, du l\u1ecbch, \u0111i ch\u01a1i.<br \/>\n&#8211; L\u00f5i pin Lithium polimer hi\u1ec7u n\u0103ng cao, an to\u00e0n khi s\u1eed d\u1ee5ng.<br \/>\n&#8211; V\u1ecf nh\u1ef1a nh\u00e1m sang tr\u1ecdng, t\u00edch h\u1ee3p \u0111\u00e8n LED hi\u1ec3n th\u1ecb dung l\u01b0\u1ee3ng gi\u00fap anh\/ch\u1ecb ki\u1ec3m so\u00e1t \u0111\u01b0\u1ee3c dung l\u01b0\u1ee3ng pin c\u00f2n l\u1ea1i trong s\u1ea1c d\u1ef1 ph\u00f2ng.<br \/>\n&#8211; T\u00edch h\u1ee3p chip qu\u1ea3n l\u00fd th\u00f4ng minh gi\u00fap \u0111i\u1ec7n tho\u1ea1i c\u1ee7a anh\/ch\u1ecb kh\u00f4ng g\u1eb7p hi\u1ec7n t\u01b0\u1ee3ng qu\u00e1 d\u00f2ng, qu\u00e1 nhi\u1ec7t, an to\u00e0n tuy\u1ec7t \u0111\u1ed1i.<\/p>\n<p>\ud83c\udf1f S\u1ea3n ph\u1ea9m bao g\u1ed3m<br \/>\n&#8211; S\u1ea1c d\u1ef1 ph\u00f2ng 10000mAh.<br \/>\n&#8211; 1 C\u00e1p Micro<br \/>\n&#8211; 1 phi\u1ebfu b\u1ea3o h\u00e0nh<\/p>\n<p>\ud83d\udca5 Cam k\u1ebft v\u1ec1 ch\u1ea5t l\u01b0\u1ee3ng v\u00e0 d\u1ecbch v\u1ee5 b\u00e1n h\u00e0ng<br \/>\n1. H\u00e0ng th\u1eadt nh\u01b0 h\u00ecnh<br \/>\n2. \u0110\u1ea7y \u0111\u1ee7 tem, th\u1ebb b\u1ea3o h\u00e0nh<br \/>\n3. S\u1ea3n ph\u1ea9m \u0111\u01b0\u1ee3c test k\u1ef9 tr\u01b0\u1edbc khi giao h\u00e0ng N\u00ean qu\u00fd kh\u00e1ch h\u00e0ng c\u00f3 th\u1ec3 y\u00ean t\u00e2m.<br \/>\n4. Shop cam k\u1ebft ch\u0103m s\u00f3c kh\u00e1ch h\u00e0ng t\u1ed1t nh\u1ea5t, h\u1eadu m\u00e3i t\u1ed1t sau mua h\u00e0ng.<br \/>\n5. Cam k\u1ebft b\u1ea3o h\u00e0nh v\u00e0 \u0111\u1ed5i m\u1edbi 1 \u0111\u1ed5i 1 n\u1ebfu c\u00f3 l\u1ed7i trong th\u1eddi gian b\u1ea3o h\u00e0nh.<br \/>\n6. \u0110\u01b0\u1ee3c Ki\u1ec3m tra h\u00e0ng k\u1ef9 khi nh\u1eadn \u0111\u00fang h\u00e0ng m\u1edbi thanh to\u00e1n..<\/p>\n<p><img class=\"emoji\" role=\"img\" src=\"https:\/\/s.w.org\/images\/core\/emoji\/13.1.0\/svg\/1f4a5.svg\" alt=\"\ud83d\udca5\" \/>\u00a0Th\u00f4ng tin b\u1ea3o h\u00e0nh<br \/>\n<img class=\"emoji\" role=\"img\" src=\"https:\/\/s.w.org\/images\/core\/emoji\/13.1.0\/svg\/2714.svg\" alt=\"\u2714\" \/> Th\u1eddi gian b\u1ea3o h\u00e0nh: 6 th\u00e1ng<br \/>\n<img class=\"emoji\" role=\"img\" src=\"https:\/\/s.w.org\/images\/core\/emoji\/13.1.0\/svg\/2714.svg\" alt=\"\u2714\" \/>\u00a0H\u00ecnh th\u1ee9c b\u1ea3o h\u00e0nh: 1 \u0111\u1ed5i 1<\/p>\n<p><img class=\"emoji\" role=\"img\" src=\"https:\/\/s.w.org\/images\/core\/emoji\/13.1.0\/svg\/1f4a5.svg\" alt=\"\ud83d\udca5\" \/>\u00a0G\u1ea5u shop \u2013 chuy\u00ean ph\u1ee5 ki\u1ec7n \u0111i\u1ec7n tho\u1ea1i, \u0111\u1ed3 c\u00f4ng ngh\u1ec7 h\u00e0ng ch\u00ednh h\u00e3ng.<br \/>\n<img class=\"emoji\" role=\"img\" src=\"https:\/\/s.w.org\/images\/core\/emoji\/13.1.0\/svg\/2705.svg\" alt=\"\u2705\" \/>\u00a0Ship code to\u00e0n qu\u1ed1c \u2013 ki\u1ec3m tra h\u00e0ng thanh to\u00e1n.<br \/>\n<img class=\"emoji\" role=\"img\" src=\"https:\/\/s.w.org\/images\/core\/emoji\/13.1.0\/svg\/2705.svg\" alt=\"\u2705\" \/>\u00a0Chuy\u00ean c\u1ee7 s\u1ea1c, d\u00e2y s\u1ea1c h\u00e0ng ch\u00ednh h\u00e3ng \u2013 B\u1ea3o h\u00e0nh 12 th\u00e1ng<br \/>\n<img class=\"emoji\" role=\"img\" src=\"https:\/\/s.w.org\/images\/core\/emoji\/13.1.0\/svg\/2705.svg\" alt=\"\u2705\" \/>\u00a0S\u1ea1c d\u1ef1 ph\u00f2ng 10.000 \u2013 20.000 Mah ch\u00ednh h\u00e3ng \u2013 BH 12 th\u00e1ng.<br \/>\n<img class=\"emoji\" role=\"img\" src=\"https:\/\/s.w.org\/images\/core\/emoji\/13.1.0\/svg\/2705.svg\" alt=\"\u2705\" \/>\u00a0Loa Bluetooth h\u00e0ng ch\u00ednh h\u00e3ng \u2013 BH 12 th\u00e1ng<br \/>\n<img class=\"emoji\" role=\"img\" src=\"https:\/\/s.w.org\/images\/core\/emoji\/13.1.0\/svg\/2705.svg\" alt=\"\u2705\" \/>\u00a0Tai nghe Bluetooth airpods, inpods 12, Hoco b\u1ea3o h\u00e0nh 3 \u2013 12 th\u00e1ng.<br \/>\n<img class=\"emoji\" role=\"img\" src=\"https:\/\/s.w.org\/images\/core\/emoji\/13.1.0\/svg\/2705.svg\" alt=\"\u2705\" \/>\u00a0\u1ed0p l\u01b0ng \u0111i\u1ec7n tho\u1ea1i, \u1ed1p tai nghe airpods<br \/>\n--> Hotline: 0797 180 750 (zalo) \u2013 033 95 333 75<br \/>\n\u0110C: 213\/3\/1B L\u00ea H\u1ed3ng Phong, Ph\u01b0\u1eddng 8, Tp. V\u0169ng T\u00e0u, BRVT<\/p>\n","protected":false},"excerpt":{"rendered":"<p>S\u1ea1c d\u1ef1 ph\u00f2ng Veger VP-1053 10000mAh h\u00e0ng ch\u00ednh h\u00e3ng &#8211; B\u1ea3o h\u00e0nh 6 th\u00e1ng \ud83c\udf1f Th\u00f4ng tin s\u1ea3n ph\u1ea9m &#8211; H\u00e3ng s\u1ea3n xu\u1ea5t: VEGER. &#8211; Lo\u1ea1i s\u1ea3n ph\u1ea9m: S\u1ea1c d\u1ef1 ph\u00f2ng. &#8211; M\u00e3 s\u1ea3n ph\u1ea9m: VP-1053 &#8211; Dung l\u01b0\u1ee3ng pin: 10000mAh. &#8211; \u0110i\u1ec7n \u00e1p v\u00e0o chu\u1ea9n Micro: DC 5V-2A. &#8211; \u0110i\u1ec7n \u00e1p ra chu\u1ea9n USB:<\/p>\n","protected":false},"featured_media":620,"template":"","meta":{"om_disable_all_campaigns":false,"_monsterinsights_skip_tracking":false,"_monsterinsights_sitenote_active":false,"_monsterinsights_sitenote_note":"","_monsterinsights_sitenote_category":0},"product_cat":[32],"product_tag":[],"_links":{"self":[{"href":"https:\/\/phukienvungtau68.com\/index.php\/wp-json\/wp\/v2\/product\/619"}],"collection":[{"href":"https:\/\/phukienvungtau68.com\/index.php\/wp-json\/wp\/v2\/product"}],"about":[{"href":"https:\/\/phukienvungtau68.com\/index.php\/wp-json\/wp\/v2\/types\/product"}],"wp:featuredmedia":[{"embeddable":true,"href":"https:\/\/phukienvungtau68.com\/index.php\/wp-json\/wp\/v2\/media\/620"}],"wp:attachment":[{"href":"https:\/\/phukienvungtau68.com\/index.php\/wp-json\/wp\/v2\/media?parent=619"}],"wp:term":[{"taxonomy":"product_cat","embeddable":true,"href":"https:\/\/phukienvungtau68.com\/index.php\/wp-json\/wp\/v2\/product_cat?post=619"},{"taxonomy":"product_tag","embeddable":true,"href":"https:\/\/phukienvungtau68.com\/index.php\/wp-json\/wp\/v2\/product_tag?post=619"}],"curies":[{"name":"wp","href":"https:\/\/api.w.org\/{rel}","templated":true}]}}