{"id":759,"date":"2021-10-17T00:27:28","date_gmt":"2021-10-16T17:27:28","guid":{"rendered":"http:\/\/phukienvungtau68.com\/?post_type=product&#038;p=759"},"modified":"2021-10-17T00:27:56","modified_gmt":"2021-10-16T17:27:56","slug":"759","status":"publish","type":"product","link":"https:\/\/phukienvungtau68.com\/index.php\/product\/759\/","title":{"rendered":"\u1ed0p l\u01b0ng iPhone d\u1ebbo trong su\u1ed1t cho iphone 6 &#8211;&hellip;"},"content":{"rendered":"<p>\u1ed0p l\u01b0ng iPhone d\u1ebbo trong su\u1ed1t cho iphone 6 &#8211; 12 Promax<br \/>\n\ud83c\udf1f Th\u00f4ng tin s\u1ea3n ph\u1ea9m:<br \/>\n&#8211; Ch\u1ea5t li\u1ec7u: Silicon d\u1ebbo trong m\u1ec1m m\u1ea1i<br \/>\n&#8211; M\u00e0u s\u1eafc: Trong su\u1ed1t<br \/>\n&#8211; \u1ed0p l\u01b0ng \u0111\u01b0\u1ee3c \u0111\u00f3ng g\u00f3i b\u1eb1ng t\u00fai nilon thi\u1ebft k\u1ebf \u0111\u1eb9p.<br \/>\n&#8211; H\u00ecnh \u1ea3nh ch\u1ea5t l\u01b0\u1ee3ng cao,s\u1eafc n\u00e9t, kh\u00f4ng phai m\u00e0u.<br \/>\n&#8211; H\u00ecnh \u1ea3nh thi\u1ebft k\u1ebf \u0111\u1eb9p, phong c\u00e1ch, tr\u1ebb trung.<br \/>\n&#8211; C\u00f4ng d\u1ee5ng: L\u00e0 ph\u1ee5 ki\u1ec7n th\u1eddi trang, thay \u0111\u1ed5i m\u00e0u s\u1eafc cho \u0111i\u1ec7n tho\u1ea1i, gi\u1eef \u0111i\u1ec7n tho\u1ea1i ch\u1eafc ch\u1eafn tr\u00ean tay, an to\u00e0n ch\u1ed1ng tr\u1ea7y x\u01b0\u1edbc, b\u1ea3o v\u1ec7 chi\u1ebfc \u0111i\u1ec7n tho\u1ea1i kh\u1ecfi va \u0111\u1eadp.<\/p>\n<p>\ud83c\udf1f Cam k\u1ebft v\u1ec1 ch\u1ea5t l\u01b0\u1ee3ng v\u00e0 d\u1ecbch v\u1ee5 b\u00e1n h\u00e0ng<br \/>\n1. H\u00e0ng th\u1eadt nh\u01b0 h\u00ecnh<br \/>\n2. \u0110\u1ea7y \u0111\u1ee7 tem, th\u1ebb b\u1ea3o h\u00e0nh<br \/>\n3. S\u1ea3n ph\u1ea9m \u0111\u01b0\u1ee3c test k\u1ef9 tr\u01b0\u1edbc khi giao h\u00e0ng N\u00ean qu\u00fd kh\u00e1ch h\u00e0ng c\u00f3 th\u1ec3 y\u00ean t\u00e2m.<br \/>\n4. Shop cam k\u1ebft ch\u0103m s\u00f3c kh\u00e1ch h\u00e0ng t\u1ed1t nh\u1ea5t, h\u1eadu m\u00e3i t\u1ed1t sau mua h\u00e0ng.<br \/>\n5. Cam k\u1ebft b\u1ea3o h\u00e0nh v\u00e0 \u0111\u1ed5i m\u1edbi 1 \u0111\u1ed5i 1 n\u1ebfu c\u00f3 l\u1ed7i trong th\u1eddi gian b\u1ea3o h\u00e0nh.<br \/>\n6. \u0110\u01b0\u1ee3c Ki\u1ec3m tra h\u00e0ng k\u1ef9 khi nh\u1eadn \u0111\u00fang h\u00e0ng m\u1edbi thanh to\u00e1n.<\/p>\n<p>G\u1ea5u shop &#8211; chuy\u00ean ph\u1ee5 ki\u1ec7n \u0111i\u1ec7n tho\u1ea1i, c\u00f4ng ngh\u1ec7 h\u00e0ng ch\u00ednh h\u00e3ng.<br \/>\n\u0110C: 213\/3\/1B L\u00ea H\u1ed3ng Phong, Ph\u01b0\u1eddng 8, Tp. V\u0169ng T\u00e0u, BRVT<\/p>\n","protected":false},"excerpt":{"rendered":"<p>\u1ed0p l\u01b0ng iPhone d\u1ebbo trong su\u1ed1t cho iphone 6 &#8211; 12 Promax \ud83c\udf1f Th\u00f4ng tin s\u1ea3n ph\u1ea9m: &#8211; Ch\u1ea5t li\u1ec7u: Silicon d\u1ebbo trong m\u1ec1m m\u1ea1i &#8211; M\u00e0u s\u1eafc: Trong su\u1ed1t &#8211; \u1ed0p l\u01b0ng \u0111\u01b0\u1ee3c \u0111\u00f3ng g\u00f3i b\u1eb1ng t\u00fai nilon thi\u1ebft k\u1ebf \u0111\u1eb9p. &#8211; H\u00ecnh \u1ea3nh ch\u1ea5t l\u01b0\u1ee3ng cao,s\u1eafc n\u00e9t, kh\u00f4ng phai m\u00e0u. &#8211; H\u00ecnh \u1ea3nh<\/p>\n","protected":false},"featured_media":766,"template":"","meta":{"om_disable_all_campaigns":false,"_monsterinsights_skip_tracking":false,"_monsterinsights_sitenote_active":false,"_monsterinsights_sitenote_note":"","_monsterinsights_sitenote_category":0},"product_cat":[20,21],"product_tag":[],"_links":{"self":[{"href":"https:\/\/phukienvungtau68.com\/index.php\/wp-json\/wp\/v2\/product\/759"}],"collection":[{"href":"https:\/\/phukienvungtau68.com\/index.php\/wp-json\/wp\/v2\/product"}],"about":[{"href":"https:\/\/phukienvungtau68.com\/index.php\/wp-json\/wp\/v2\/types\/product"}],"wp:featuredmedia":[{"embeddable":true,"href":"https:\/\/phukienvungtau68.com\/index.php\/wp-json\/wp\/v2\/media\/766"}],"wp:attachment":[{"href":"https:\/\/phukienvungtau68.com\/index.php\/wp-json\/wp\/v2\/media?parent=759"}],"wp:term":[{"taxonomy":"product_cat","embeddable":true,"href":"https:\/\/phukienvungtau68.com\/index.php\/wp-json\/wp\/v2\/product_cat?post=759"},{"taxonomy":"product_tag","embeddable":true,"href":"https:\/\/phukienvungtau68.com\/index.php\/wp-json\/wp\/v2\/product_tag?post=759"}],"curies":[{"name":"wp","href":"https:\/\/api.w.org\/{rel}","templated":true}]}}