{"id":785,"date":"2021-10-18T00:12:08","date_gmt":"2021-10-17T17:12:08","guid":{"rendered":"http:\/\/phukienvungtau68.com\/?post_type=product&#038;p=785"},"modified":"2023-06-28T22:02:39","modified_gmt":"2023-06-28T15:02:39","slug":"tai-nghe-khong-day-robot-airbuds-t10-bluetooth-5-1-ho-tro-khang-nuoc-ipx4-hang-chinh-hang","status":"publish","type":"product","link":"https:\/\/phukienvungtau68.com\/index.php\/product\/tai-nghe-khong-day-robot-airbuds-t10-bluetooth-5-1-ho-tro-khang-nuoc-ipx4-hang-chinh-hang\/","title":{"rendered":"Tai Nghe Kh\u00f4ng D\u00e2y ROBOT Airbuds T10 Bluetooth 5.1 &#8211;&hellip;"},"content":{"rendered":"<p>TAI NGHE KH\u00d4NG D\u00c2Y TRUE WIRELESS ROBOT AIRBUDS T10 &#8211; H\u1ed6 TR\u1ee2 KH\u00c1NG N\u01af\u1edaC IPX4<br \/>\n\ud83d\udca5 Th\u00f4ng tin s\u1ea3n ph\u1ea9m<br \/>\n&#8211; S\u1ea3n ph\u1ea9m ch\u00ednh h\u00e3ng ROBOT<br \/>\n&#8211; Model: Airbuds T10<br \/>\n&#8211; C\u00f4ng ngh\u1ec7 Bluetooth 5.1 cho k\u1ebft n\u1ed1i \u1ed5n \u0111\u1ecbnh v\u00e0 nhanh h\u01a1n, ch\u1ed1ng nhi\u1ec5u t\u1ed1t, ti\u1ebft ki\u1ec7m n\u0103ng l\u01b0\u1ee3ng<br \/>\n&#8211; Tai nghe \u0111\u01b0\u1ee3c trang b\u1ecb cu\u1ed9n d\u00e2y \u0111\u1ed3ng nguy\u00ean ch\u1ea5t Daikoku 13mm v\u00e0 m\u00e0ng loa ph\u1ee9c h\u1ee3p gi\u00fap n\u00e2ng t\u1ea7m ch\u1ea5t l\u01b0\u1ee3ng \u00e2m thanh.<br \/>\n&#8211; T\u00edch h\u1ee3p microphone k\u00e9p \u0111\u00e0m tho\u1ea1i d\u1ec5 d\u00e0ng, \u00e2m thanh trong, r\u00f5.<br \/>\n&#8211; T\u1eadn h\u01b0\u1edfng \u00e2m thanh c\u1ea3 ng\u00e0y d\u00e0i v\u1edbi t\u1ed1i \u0111a 25h s\u1eed d\u1ee5ng li\u00ean t\u1ee5c.<br \/>\n&#8211; Thi\u1ebft k\u1ebf nh\u1ecf g\u1ecdn \u00f4m s\u00e1t khoang tai, trong tr\u01b0\u1eddng h\u1ee3p ch\u1ea1y b\u1ed9, t\u1eadp luy\u1ec7n, di chuy\u1ec3n v\u1eabn \u0111eo tai ch\u1eafc ch\u1eafn kh\u00f4ng b\u1ecb r\u01a1i r\u1edbt<br \/>\n&#8211; Ch\u1ed1ng n\u01b0\u1edbc, kh\u00e1ng m\u1ed3 h\u00f4i hi\u1ec7u qu\u1ea3 v\u1edbi chu\u1ea9n ch\u1ed1ng n\u01b0\u1edbc IPX4<br \/>\n&#8211; K\u00edch ho\u1ea1t tr\u1ee3 l\u00fd \u1ea3o Google, Siri b\u1eb1ng c\u00e1ch ch\u1ea1m c\u1ea3m \u1ee9ng, tra c\u1ee9u d\u1ec5 d\u00e0ng, \u0111i\u1ec1u khi\u1ec3n tr\u00ecnh ph\u00e1t nh\u1ea1c, kh\u1edfi \u0111\u1ed9ng GPS d\u1ec5 d\u00e0ng m\u1ecdi l\u00fac m\u1ecdi n\u01a1i<br \/>\n&#8211; B\u1ed9 s\u1ea3n ph\u1ea9m bao g\u1ed3m:<br \/>\n+ Tai nghe Airbuds T10<br \/>\n+ C\u00e1p s\u1ea1c<br \/>\n+ Phi\u1ebfu th\u00f4ng tin s\u1ea3n ph\u1ea9m.<\/p>\n<p>\u2705 C\u00e1ch s\u1eed d\u1ee5ng Gh\u00e9p \u0111\u00f4i thi\u1ebft b\u1ecb l\u1ea7n \u0111\u1ea7u:<br \/>\n1. V\u00e0o c\u00e0i \u0111\u1eb7t, ch\u1ecdn k\u1ebft n\u1ed1i Bluetooth v\u00e0 t\u00ecm ki\u1ebfm thi\u1ebft b\u1ecb ROBOT Airbuds \u0111\u1ec3 gh\u00e9p \u0111\u00f4i<br \/>\n2. C\u1ea5t tai nghe v\u00e0o h\u1ed9p s\u1ea1c s\u1ebd ng\u1eaft k\u1ebft n\u1ed1i, khi l\u1ea5y ra tai nghe ch\u1ec9 b\u00e1o xanh \u0111\u1ecf s\u00e1ng b\u00e1o hi\u1ec7u k\u1ebft n\u1ed1i th\u00e0nh c\u00f4ng<\/p>\n<p>\u2705 H\u01b0\u1edbng d\u1eabn s\u1eed d\u1ee5ng:<br \/>\n&#8211; Ph\u00e1t nh\u1ea1c\/T\u1ea1m d\u1eebng: Nh\u1ea5n 2 l\u1ea7n tai nghe tr\u00e1i\/ph\u1ea3i<br \/>\n&#8211; Tr\u1edf v\u1ec1 b\u00e0i tr\u01b0\u1edbc\/\u0110\u1ebfn b\u00e0i k\u1ebf ti\u1ebfp: Nh\u1ea5n 3 l\u1ea7n tai nghe tr\u00e1i ho\u1eb7c nh\u1ea5n 3 l\u1ea7n tai nghe ph\u1ea3i<br \/>\n&#8211; Nh\u1eadn cu\u1ed9c g\u1ecdi\/T\u1eaft cu\u1ed9c g\u1ecdi: Nh\u1ea5n 2 l\u1ea7n tai nghe tr\u00e1i\/ph\u1ea3i<br \/>\n&#8211; T\u1eeb ch\u1ed1i cu\u1ed9c g\u1ecdi: Nh\u1ea5n gi\u1eef 2 gi\u00e2y r\u1ed3i th\u1ea3 khi th\u1ea5y cu\u1ed9c g\u1ecdi \u0111\u1ebfn<\/p>\n<p>\ud83d\udca5 Th\u00f4ng tin b\u1ea3o h\u00e0nh<br \/>\n\u2714 Th\u1eddi gian b\u1ea3o h\u00e0nh: 6 th\u00e1ng<br \/>\n\u2714 H\u00ecnh th\u1ee9c b\u1ea3o h\u00e0nh: 1 \u0111\u1ed5i 1<\/p>\n<div dir=\"auto\"><span class=\"x3nfvp2 x1j61x8r x1fcty0u xdj266r xhhsvwb xat24cr xgzva0m xxymvpz xlup9mm x1kky2od\"><img loading=\"lazy\" src=\"https:\/\/static.xx.fbcdn.net\/images\/emoji.php\/v9\/tbe\/1\/16\/1f3c6.png\" alt=\"\ud83c\udfc6\" width=\"16\" height=\"16\" \/><\/span>\u00a0G\u1ea5u shop \u2013 Chuy\u00ean ph\u1ee5 ki\u1ec7n \u0111i\u1ec7n tho\u1ea1i, \u0111\u1ed3 c\u00f4ng ngh\u1ec7<\/div>\n<div dir=\"auto\"><span class=\"x3nfvp2 x1j61x8r x1fcty0u xdj266r xhhsvwb xat24cr xgzva0m xxymvpz xlup9mm x1kky2od\"><img loading=\"lazy\" src=\"https:\/\/static.xx.fbcdn.net\/images\/emoji.php\/v9\/t22\/1\/16\/260e.png\" alt=\"\u260e\ufe0f\" width=\"16\" height=\"16\" \/><\/span>\u00a0S\u0110T: 0797 180 750 \u2013 033 95 333 75 (Zalo)<\/div>\n<div dir=\"auto\"><span class=\"x3nfvp2 x1j61x8r x1fcty0u xdj266r xhhsvwb xat24cr xgzva0m xxymvpz xlup9mm x1kky2od\"><img loading=\"lazy\" src=\"https:\/\/static.xx.fbcdn.net\/images\/emoji.php\/v9\/tf6\/1\/16\/1f3e0.png\" alt=\"\ud83c\udfe0\" width=\"16\" height=\"16\" \/><\/span>\u00a0\u0110c: 213\/3\/1B L\u00ea H\u1ed3ng Phong \u2013 Ph\u01b0\u1eddng 8 \u2013 V\u0169ng T\u00e0u \u2013 BRVT.<\/div>\n<div dir=\"auto\"><span class=\"x3nfvp2 x1j61x8r x1fcty0u xdj266r xhhsvwb xat24cr xgzva0m xxymvpz xlup9mm x1kky2od\"><img loading=\"lazy\" src=\"https:\/\/static.xx.fbcdn.net\/images\/emoji.php\/v9\/tc0\/1\/16\/1f30e.png\" alt=\"\ud83c\udf0e\" width=\"16\" height=\"16\" \/><\/span>\u00a0Website:\u00a0<a class=\"x1i10hfl xjbqb8w x6umtig x1b1mbwd xaqea5y xav7gou x9f619 x1ypdohk xt0psk2 xe8uvvx xdj266r x11i5rnm xat24cr x1mh8g0r xexx8yu x4uap5 x18d9i69 xkhd6sd x16tdsg8 x1hl2dhg xggy1nq x1a2a7pz xt0b8zv x1fey0fg\" role=\"link\" href=\"http:\/\/phukienvungtau68.com\/?fbclid=IwAR2wRhSr0UIdFE0leNYrt-po4OyNt2dpVM00osxDYkJiOCqcVO8kRPb0EYY\" target=\"_blank\" rel=\"nofollow noopener noreferrer\">Phukienvungtau68.com<\/a><\/div>\n","protected":false},"excerpt":{"rendered":"<p>TAI NGHE KH\u00d4NG D\u00c2Y TRUE WIRELESS ROBOT AIRBUDS T10 &#8211; H\u1ed6 TR\u1ee2 KH\u00c1NG N\u01af\u1edaC IPX4 \ud83d\udca5 Th\u00f4ng tin s\u1ea3n ph\u1ea9m &#8211; S\u1ea3n ph\u1ea9m ch\u00ednh h\u00e3ng ROBOT &#8211; Model: Airbuds T10 &#8211; C\u00f4ng ngh\u1ec7 Bluetooth 5.1 cho k\u1ebft n\u1ed1i \u1ed5n \u0111\u1ecbnh v\u00e0 nhanh h\u01a1n, ch\u1ed1ng nhi\u1ec5u t\u1ed1t, ti\u1ebft ki\u1ec7m n\u0103ng l\u01b0\u1ee3ng &#8211; Tai nghe \u0111\u01b0\u1ee3c trang<\/p>\n","protected":false},"featured_media":787,"template":"","meta":{"om_disable_all_campaigns":false,"_monsterinsights_skip_tracking":false,"_monsterinsights_sitenote_active":false,"_monsterinsights_sitenote_note":"","_monsterinsights_sitenote_category":0},"product_cat":[18],"product_tag":[],"_links":{"self":[{"href":"https:\/\/phukienvungtau68.com\/index.php\/wp-json\/wp\/v2\/product\/785"}],"collection":[{"href":"https:\/\/phukienvungtau68.com\/index.php\/wp-json\/wp\/v2\/product"}],"about":[{"href":"https:\/\/phukienvungtau68.com\/index.php\/wp-json\/wp\/v2\/types\/product"}],"wp:featuredmedia":[{"embeddable":true,"href":"https:\/\/phukienvungtau68.com\/index.php\/wp-json\/wp\/v2\/media\/787"}],"wp:attachment":[{"href":"https:\/\/phukienvungtau68.com\/index.php\/wp-json\/wp\/v2\/media?parent=785"}],"wp:term":[{"taxonomy":"product_cat","embeddable":true,"href":"https:\/\/phukienvungtau68.com\/index.php\/wp-json\/wp\/v2\/product_cat?post=785"},{"taxonomy":"product_tag","embeddable":true,"href":"https:\/\/phukienvungtau68.com\/index.php\/wp-json\/wp\/v2\/product_tag?post=785"}],"curies":[{"name":"wp","href":"https:\/\/api.w.org\/{rel}","templated":true}]}}