{"id":971,"date":"2022-01-03T00:57:02","date_gmt":"2022-01-02T17:57:02","guid":{"rendered":"http:\/\/phukienvungtau68.com\/?post_type=product&#038;p=971"},"modified":"2024-05-02T10:36:59","modified_gmt":"2024-05-02T03:36:59","slug":"tai-nghe-co-day-nhet-tai-earldom-e49-hang-chinh-hang-jack-cam-3-5","status":"publish","type":"product","link":"https:\/\/phukienvungtau68.com\/index.php\/product\/tai-nghe-co-day-nhet-tai-earldom-e49-hang-chinh-hang-jack-cam-3-5\/","title":{"rendered":"Tai Nghe C\u00f3 D\u00e2y nh\u00e9t tai Earldom E49 &#8211; H\u00e0ng&hellip;"},"content":{"rendered":"<p>Tai Nghe C\u00f3 D\u00e2y nh\u00e9t tai Earldom E49 &#8211; H\u00e0ng Ch\u00ednh H\u00e3ng jack c\u1eafm 3.5 &#8211; B\u1ea3o h\u00e0nh l\u00ean \u0111\u1ebfn 6 th\u00e1ng<br \/>\n\ud83d\udca5 Th\u00f4ng tin s\u1ea3n ph\u1ea9m<br \/>\n&#8211; \u00c2m bass l\u1edbn, ch\u1ea5t l\u01b0\u1ee3ng \u00e2m thanh kh\u00e1 hay.<br \/>\n&#8211; Thi\u1ebft k\u1ebf tai nghe in-ear c\u00f3 n\u00fam cao su m\u1ec1m m\u1ea1i, kh\u00f4ng g\u00e2y \u0111au tai khi \u0111eo trong kho\u1ea3ng th\u1eddi gian d\u00e0i<br \/>\n&#8211; S\u1eed d\u1ee5ng c\u1ed5ng AUX 3.5mm th\u00edch h\u1ee3p v\u1edbi h\u1ea7u h\u1ebft c\u00e1c d\u00f2ng smartphone, laptop, PC,&#8230; hi\u1ec7n nay<br \/>\n&#8211; D\u00e2y tai nghe c\u00f3 chi\u1ec1u d\u00e0i 1.2m cho b\u1ea1n tho\u1ea3i m\u00e1i s\u1eed d\u1ee5ng<br \/>\n&#8211; \u0110\u01b0\u1ee3c l\u00e0m t\u1eeb nh\u1ef1a TPE c\u00f3 \u0111\u1ed9 b\u1ec1n c\u1ef1c cao<br \/>\n&#8211; Ch\u1ea5t l\u01b0\u1ee3ng \u00e2m thanh tuy\u1ec7t v\u1eddi gi\u00fap th\u01b0\u1edfng th\u1ee9c nh\u1eefng b\u1ea3n nh\u1ea1c hay<br \/>\nTh\u00f4ng S\u1ed1 K\u1ef9 Thu\u1eadt<br \/>\n&#8211; Jack tai nghe: 3.5mm<br \/>\n&#8211; Chi\u1ec1u d\u00e0i 1.2m<br \/>\n&#8211; Tr\u1edf kh\u00e1ng: 16\u2126<br \/>\n&#8211; \u0110\u1ed9 nh\u1ea1y: 98 +_ 5dB<\/p>\n<p>\ud83d\udca5 Th\u00f4ng tin b\u1ea3o h\u00e0nh<br \/>\n\u2714 Th\u1eddi gian b\u1ea3o h\u00e0nh: 6 th\u00e1ng<br \/>\n\u2714 H\u00ecnh th\u1ee9c b\u1ea3o h\u00e0nh: 1 \u0111\u1ed5i 1<\/p>\n<p>\ud83c\udfe0 G\u1ea5u shop \u2013 Chuy\u00ean ph\u1ee5 ki\u1ec7n \u0111i\u1ec7n tho\u1ea1i, \u0111\u1ed3 c\u00f4ng ngh\u1ec7 h\u00e0ng ch\u00ednh h\u00e3ng b\u1ea3o h\u00e0nh l\u00ean \u0111\u1ebfn 12 th\u00e1ng<br \/>\n\u2714\ufe0f Ship h\u00e0ng to\u00e0n qu\u1ed1c \u2013 ki\u1ec3m tra h\u00e0ng thanh to\u00e1n.<br \/>\n\u2714\ufe0f Ph\u1ee5 ki\u1ec7n Iphone, Samsung, oppo.<br \/>\n\u2714\ufe0f C\u1ee7 s\u1ea1c, d\u00e2y s\u1ea1c.<br \/>\n\u2714\ufe0f Pin s\u1ea1c d\u1ef1 ph\u00f2ng 10.000 \u2013 20.000 mah.<br \/>\n\u2714\ufe0f Loa Bluetooth, karaoke.<br \/>\n\u2714\ufe0f Tai nghe Bluetooth airpods, inpods 12, Hoco, Vivan.<br \/>\n\u2714\ufe0f \u1ed0p l\u01b0ng, c\u01b0\u1eddng l\u1ef1c \u0111i\u1ec7n tho\u1ea1i, \u1ed1p tai nghe airpods.<br \/>\n\u260e\ufe0f Hotline: 0797 180 750 (zalo) \u2013 033 95 333 75<br \/>\n\ud83c\udfe0 \u0110c: 213\/3\/1B L\u00ea H\u1ed3ng Phong, Ph\u01b0\u1eddng 8, Tp. V\u0169ng T\u00e0u, BRVT.<\/p>\n","protected":false},"excerpt":{"rendered":"<p>Tai Nghe C\u00f3 D\u00e2y nh\u00e9t tai Earldom E49 &#8211; H\u00e0ng Ch\u00ednh H\u00e3ng jack c\u1eafm 3.5 &#8211; B\u1ea3o h\u00e0nh l\u00ean \u0111\u1ebfn 6 th\u00e1ng \ud83d\udca5 Th\u00f4ng tin s\u1ea3n ph\u1ea9m &#8211; \u00c2m bass l\u1edbn, ch\u1ea5t l\u01b0\u1ee3ng \u00e2m thanh kh\u00e1 hay. &#8211; Thi\u1ebft k\u1ebf tai nghe in-ear c\u00f3 n\u00fam cao su m\u1ec1m m\u1ea1i, kh\u00f4ng g\u00e2y \u0111au tai khi \u0111eo<\/p>\n","protected":false},"featured_media":973,"template":"","meta":{"om_disable_all_campaigns":false,"_monsterinsights_skip_tracking":false,"_monsterinsights_sitenote_active":false,"_monsterinsights_sitenote_note":"","_monsterinsights_sitenote_category":0},"product_cat":[19],"product_tag":[],"_links":{"self":[{"href":"https:\/\/phukienvungtau68.com\/index.php\/wp-json\/wp\/v2\/product\/971"}],"collection":[{"href":"https:\/\/phukienvungtau68.com\/index.php\/wp-json\/wp\/v2\/product"}],"about":[{"href":"https:\/\/phukienvungtau68.com\/index.php\/wp-json\/wp\/v2\/types\/product"}],"wp:featuredmedia":[{"embeddable":true,"href":"https:\/\/phukienvungtau68.com\/index.php\/wp-json\/wp\/v2\/media\/973"}],"wp:attachment":[{"href":"https:\/\/phukienvungtau68.com\/index.php\/wp-json\/wp\/v2\/media?parent=971"}],"wp:term":[{"taxonomy":"product_cat","embeddable":true,"href":"https:\/\/phukienvungtau68.com\/index.php\/wp-json\/wp\/v2\/product_cat?post=971"},{"taxonomy":"product_tag","embeddable":true,"href":"https:\/\/phukienvungtau68.com\/index.php\/wp-json\/wp\/v2\/product_tag?post=971"}],"curies":[{"name":"wp","href":"https:\/\/api.w.org\/{rel}","templated":true}]}}